{"id":156,"date":"2022-02-19T21:54:48","date_gmt":"2022-02-19T14:54:48","guid":{"rendered":"https:\/\/vitinhhaiduong.com\/?post_type=product&#038;p=156"},"modified":"2022-02-21T10:24:38","modified_gmt":"2022-02-21T03:24:38","slug":"camera-ezviz-c6n-1080p-a0-1c2wfr","status":"publish","type":"product","link":"http:\/\/vitinhhaiduong.com\/?product=camera-ezviz-c6n-1080p-a0-1c2wfr","title":{"rendered":"[Trong Nh\u00e0] Camera Ezviz C6N 1080P (a0-1c2wfr)"},"content":{"rendered":"<p><img loading=\"lazy\" decoding=\"async\" class=\"alignnone size-medium wp-image-161\" src=\"http:\/\/vitinhhaiduong.com\/wp-content\/uploads\/2022\/02\/630799e9656603b793505159accd0322-300x300.jpg\" alt=\"\" width=\"300\" height=\"300\" \/><img loading=\"lazy\" decoding=\"async\" class=\"alignnone size-medium wp-image-158\" src=\"http:\/\/vitinhhaiduong.com\/wp-content\/uploads\/2022\/02\/camera-ezviz-c6n-800-800-300x300.jpg\" alt=\"\" width=\"300\" height=\"300\" \/><\/p>\n<ul>\n<li><span style=\"font-size: 16px\"><strong>Camera IP Wifi Ezviz C6N 1080p HD 2.0MP.<\/strong><\/span><\/li>\n<\/ul>\n<ul class=\"ul\">\n<li>\n<h3><span style=\"font-size: 16px\"><strong>\u0110\u1ed9 ph\u00e2n gi\u1ea3i Full HD 1920x1080p (2MP) cho h\u00ecnh \u1ea3nh r\u00f5 \u0111\u1eb9p.<\/strong><\/span><\/h3>\n<\/li>\n<li>\n<h3><span style=\"font-size: 16px\"><strong>T\u1ef1 theo d\u00f5i chuy\u1ec3n \u0111\u1ed9ng th\u00f4ng minh.<\/strong><\/span><\/h3>\n<\/li>\n<li>\n<h3><span style=\"font-size: 16px\"><strong>T\u00ednh n\u0103ng \u0111\u00e0m tho\u1ea1i 2 chi\u1ec1u v\u1edbi \u00e2m thanh trung th\u1ef1c.<\/strong><\/span><\/h3>\n<\/li>\n<li>\n<h3><span style=\"font-size: 16px\"><strong>C\u00f4ng ngh\u1ec7 ch\u1ed1ng nhi\u1ec5u th\u1ef1c 3D-DNR.<\/strong><\/span><\/h3>\n<\/li>\n<li>\n<h3><span style=\"font-size: 16px\"><strong>H\u1ed3ng ngo\u1ea1i 10m.<\/strong><\/span><\/h3>\n<\/li>\n<li>\n<h3><span style=\"font-size: 16px\"><strong>H\u1ed7 tr\u1ee3 th\u1ebb nh\u1edb t\u1ed1i \u0111a 256GB.<\/strong><\/span><\/h3>\n<\/li>\n<li>\n<h3><span style=\"font-size: 16px\"><strong>K\u1ebft n\u1ed1i Wifi, LAN.<\/strong><\/span><\/h3>\n<\/li>\n<\/ul>\n","protected":false},"excerpt":{"rendered":"<ul>\n<li><span style=\"color: #000000;font-family: 'times new roman', times, serif;font-size: 16px\">H\u1ed7 tr\u1ee3 <span style=\"color: #ff0000\">l\u1eafp \u0111\u1eb7t t\u1eadn nh\u00e0<\/span> mi\u1ec5n ph\u00ed.<\/span><\/li>\n<li><span style=\"color: #000000;font-family: 'times new roman', times, serif;font-size: 16px\">B\u1ea3o H\u00e0nh<span style=\"color: #ff0000\"> 24 Th\u00e1ng<\/span> 1 \u0110\u1ed5i 1.\u00a0<\/span><\/li>\n<li><span style=\"color: #000000;font-family: 'times new roman', times, serif;font-size: 16px\">H\u1ed7 tr\u1ee3 b\u1ea3o h\u00e0nh, s\u1eeda ch\u1eefa, d\u1eddi v\u1ecb tr\u00ed nhanh ch\u00f3ng, chuy\u00ean nghi\u1ec7p, t\u1eadn t\u00e2m v\u1edbi kh\u00e1ch h\u00e0ng.<\/span><\/li>\n<li><span style=\"font-family: 'times new roman', times, serif;font-size: 16px\">T\u1eb7ng k\u00e8m th\u1ebb nh\u1edb l\u01b0u tr\u1eef 32GB ho\u1eb7c up l\u00ean 64GB (+ 200.000).\u00a0<\/span><\/li>\n<\/ul>\n","protected":false},"featured_media":0,"template":"","meta":[],"product_brand":[],"product_cat":[16,19],"product_tag":[53,50,27,26,52],"class_list":{"0":"post-156","1":"product","2":"type-product","3":"status-publish","5":"product_cat-camera-quan-sat","6":"product_cat-camera-khong-day","7":"product_tag-camera-cho-lach","8":"product_tag-camera-khong-day","9":"product_tag-camera-mo-cay-bac","10":"product_tag-camera-vinh-thanh","11":"product_tag-ezviz","13":"first","14":"instock","15":"shipping-taxable","16":"purchasable","17":"product-type-simple"},"jetpack_sharing_enabled":true,"_links":{"self":[{"href":"http:\/\/vitinhhaiduong.com\/index.php?rest_route=\/wp\/v2\/product\/156","targetHints":{"allow":["GET"]}}],"collection":[{"href":"http:\/\/vitinhhaiduong.com\/index.php?rest_route=\/wp\/v2\/product"}],"about":[{"href":"http:\/\/vitinhhaiduong.com\/index.php?rest_route=\/wp\/v2\/types\/product"}],"wp:attachment":[{"href":"http:\/\/vitinhhaiduong.com\/index.php?rest_route=%2Fwp%2Fv2%2Fmedia&parent=156"}],"wp:term":[{"taxonomy":"product_brand","embeddable":true,"href":"http:\/\/vitinhhaiduong.com\/index.php?rest_route=%2Fwp%2Fv2%2Fproduct_brand&post=156"},{"taxonomy":"product_cat","embeddable":true,"href":"http:\/\/vitinhhaiduong.com\/index.php?rest_route=%2Fwp%2Fv2%2Fproduct_cat&post=156"},{"taxonomy":"product_tag","embeddable":true,"href":"http:\/\/vitinhhaiduong.com\/index.php?rest_route=%2Fwp%2Fv2%2Fproduct_tag&post=156"}],"curies":[{"name":"wp","href":"https:\/\/api.w.org\/{rel}","templated":true}]}}