{"id":295,"date":"2022-03-11T10:42:31","date_gmt":"2022-03-11T03:42:31","guid":{"rendered":"https:\/\/vitinhhaiduong.com\/?post_type=product&#038;p=295"},"modified":"2022-03-11T10:42:32","modified_gmt":"2022-03-11T03:42:32","slug":"usb-wifi-150mbps-tenda-w311mi-den","status":"publish","type":"product","link":"http:\/\/vitinhhaiduong.com\/?product=usb-wifi-150mbps-tenda-w311mi-den","title":{"rendered":"USB Wifi 150Mbps Tenda W311MI \u0110en"},"content":{"rendered":"<h3>USB Wifi 150Mbps Tenda W311MI \u0111en\u00a0l\u00e0 thi\u1ebft b\u1ecb thu s\u00f3ng\u00a0Wifi chu\u1ea9n N cho m\u00e1y vi t\u00ednh \u0111\u1ec3 b\u00e0n ho\u1eb7c\u00a0laptop\u00a0k\u1ebft n\u1ed1i m\u1ea1ng Wifi d\u1ec5 d\u00e0ng, nhanh ch\u00f3ng<\/h3>\n<p>Thi\u1ebft b\u1ecb m\u1ea1ng\u00a0thi\u1ebft k\u1ebf nh\u1ecf g\u1ecdn,\u00a0c\u00f3 c\u1ed5ng k\u1ebft n\u1ed1i USB 2.0 hi\u1ec7n \u0111\u1ea1i, c\u1eafm tr\u1ef1c ti\u1ebfp v\u00e0o laptop m\u00e0 kh\u00f4ng t\u1ea1o n\u00ean s\u1ef1 tr\u1edf ng\u1ea1i n\u00e0o trong khi ng\u01b0\u1eddi d\u00f9ng thao t\u00e1c v\u1edbi thi\u1ebft b\u1ecb n\u00ean b\u1ea1n kh\u00f4ng c\u1ea7n r\u00fat USB Wifi ra khi c\u1ea7n di chuy\u1ec3n, c\u1ea5t gi\u1eef.<\/p>\n<p><a class=\"preventdefault\" href=\"https:\/\/www.thegioididong.com\/images\/4727\/226407\/usb-wifi-150mbps-tenda-w311mi-den-143620-043614.jpg\"><img decoding=\"async\" class=\" ls-is-cached lazyloaded\" title=\"USB Wifi 150Mbps Tenda W311MI \u0110en - Thi\u1ebft k\u1ebf nh\u1ecf g\u1ecdn\" src=\"https:\/\/cdn.tgdd.vn\/Products\/Images\/4727\/226407\/usb-wifi-150mbps-tenda-w311mi-den-143620-043614.jpg\" alt=\"USB Wifi 150Mbps Tenda W311MI \u0110en - Thi\u1ebft k\u1ebf nh\u1ecf g\u1ecdn\" data-src=\"https:\/\/cdn.tgdd.vn\/Products\/Images\/4727\/226407\/usb-wifi-150mbps-tenda-w311mi-den-143620-043614.jpg\" \/><\/a><\/p>\n<h3>USB Wifi\u00a0ch\u01a1i game tr\u1ef1c tuy\u1ebfn, l\u01b0\u1edbt web, xem phim,&#8230; th\u1ea3 ha v\u1edbi t\u1ed1c \u0111\u1ed9 truy\u1ec1n t\u1ea3i \u0111\u1ebfn 150Mbps \u1edf b\u0103ng t\u1ea7n 2.4GHz<\/h3>\n<h3><a class=\"preventdefault\" href=\"https:\/\/www.thegioididong.com\/images\/4727\/226407\/usb-wifi-150mbps-tenda-w311mi-den-143620-043631.jpg\"><img decoding=\"async\" class=\" ls-is-cached lazyloaded\" title=\"USB Wifi 150Mbps Tenda W311MI \u0110en - T\u1ed1c \u0111\u1ed9 truy\u1ec1n t\u1ea3i \u0111\u1ebfn 150Mbps \u1edf b\u0103ng t\u1ea7n 2.4GHz\" src=\"https:\/\/cdn.tgdd.vn\/Products\/Images\/4727\/226407\/usb-wifi-150mbps-tenda-w311mi-den-143620-043631.jpg\" alt=\"USB Wifi 150Mbps Tenda W311MI \u0110en - T\u1ed1c \u0111\u1ed9 truy\u1ec1n t\u1ea3i \u0111\u1ebfn 150Mbps \u1edf b\u0103ng t\u1ea7n 2.4GHz\" data-src=\"https:\/\/cdn.tgdd.vn\/Products\/Images\/4727\/226407\/usb-wifi-150mbps-tenda-w311mi-den-143620-043631.jpg\" \/><\/a><\/h3>\n<h3>T\u01b0\u01a1ng th\u00edch v\u1edbi c\u00e1c h\u1ec7 \u0111i\u1ec1u h\u00e0nh\u00a0Windows ph\u1ed5 bi\u1ebfn<\/h3>\n<p><a class=\"preventdefault\" href=\"https:\/\/www.thegioididong.com\/images\/4727\/226407\/usb-wifi-150mbps-tenda-w311mi-den-143620-043626.jpg\"><img decoding=\"async\" class=\" lazyloaded\" title=\"USB Wifi 150Mbps Tenda W311MI \u0110en - T\u01b0\u01a1ng th\u00edch v\u1edbi c\u00e1c h\u1ec7 \u0111i\u1ec1u h\u00e0nh Windows ph\u1ed5 bi\u1ebfn\" src=\"https:\/\/cdn.tgdd.vn\/Products\/Images\/4727\/226407\/usb-wifi-150mbps-tenda-w311mi-den-143620-043626.jpg\" alt=\"USB Wifi 150Mbps Tenda W311MI \u0110en - T\u01b0\u01a1ng th\u00edch v\u1edbi c\u00e1c h\u1ec7 \u0111i\u1ec1u h\u00e0nh Windows ph\u1ed5 bi\u1ebfn\" data-src=\"https:\/\/cdn.tgdd.vn\/Products\/Images\/4727\/226407\/usb-wifi-150mbps-tenda-w311mi-den-143620-043626.jpg\" \/><\/a><\/p>\n<h3>Trang b\u1ecb\u00a0ch\u1ebf \u0111\u1ed9 SoftAP c\u00f3 kh\u1ea3 n\u0103ng chuy\u1ec3n \u0111\u1ed5i m\u1ea1ng d\u00e2y c\u1ee7a PC ho\u1eb7c laptop th\u00e0nh \u0111i\u1ec3m ph\u00e1t Wifi ti\u1ec7n d\u1ee5ng<\/h3>\n<p>Thi\u1ebft b\u1ecb m\u1ea1ng Tenda\u00a0h\u1ed7 tr\u1ee3 c\u00e1c chu\u1ea9n b\u1ea3o\u00a0m\u1eadt WEP, WPA, v\u00e0 WPA2 \u0111\u1ea3m b\u1ea3o th\u00f4ng tin an to\u00e0n h\u01a1n.<\/p>\n<p><a class=\"preventdefault\" href=\"https:\/\/www.thegioididong.com\/images\/4727\/226407\/usb-wifi-150mbps-tenda-w311mi-den-143620-043636.jpg\"><img decoding=\"async\" class=\" lazyloaded\" title=\"USB Wifi 150Mbps Tenda W311MI \u0110en - Trang b\u1ecb ch\u1ebf \u0111\u1ed9 SoftAP\" src=\"https:\/\/cdn.tgdd.vn\/Products\/Images\/4727\/226407\/usb-wifi-150mbps-tenda-w311mi-den-143620-043636.jpg\" alt=\"USB Wifi 150Mbps Tenda W311MI \u0110en - Trang b\u1ecb ch\u1ebf \u0111\u1ed9 SoftAP\" data-src=\"https:\/\/cdn.tgdd.vn\/Products\/Images\/4727\/226407\/usb-wifi-150mbps-tenda-w311mi-den-143620-043636.jpg\" \/><\/a><\/p>\n<p>Nh\u00ecn chung,\u00a0USB Wifi 150Mbps Tenda W311MI \u0111en l\u00e0 m\u1ed9t thi\u1ebft b\u1ecb thu s\u00f3ng Wifi linh \u0111\u1ed9ng, ti\u1ec7n d\u1ee5ng, \u0111\u00e1p \u1ee9ng nhu c\u1ea7u tr\u1ea3i nghi\u1ec7m c\u1ee7a m\u1ecdi ng\u01b0\u1eddi d\u00f9ng, c\u1ef1c th\u00edch h\u1ee3p cho b\u1ea1n ch\u1ecdn mua.<\/p>\n<p><strong>H\u01b0\u1edbng d\u1eabn s\u1eed d\u1ee5ng\u00a0USB Wifi 150Mbps Tenda W311MI<\/strong><\/p>\n<p>&nbsp;<\/p>\n<div class=\"article__content__video-container\"><\/div>\n","protected":false},"excerpt":{"rendered":"<p class=\"short-article__title\">\u0110\u1eb7c \u0111i\u1ec3m n\u1ed5i b\u1eadt<\/p>\n<ul>\n<li>Tenda W311MI l\u00e0 USB thu Wifi ti\u1ec7n d\u1ee5ng v\u1edbi k\u00edch c\u1ee1 si\u00eau nh\u1ecf g\u1ecdn.<\/li>\n<li>T\u1ed1c \u0111\u1ed9 t\u1ed1i \u0111a 150Mbps, th\u00edch h\u1ee3p cho vi\u1ec7c l\u01b0\u1edbt web, xem phim.<\/li>\n<li>T\u01b0\u01a1ng th\u00edch chu\u1ea9n b\u1ea3o m\u1eadt WEP, WPA, WPA2.<\/li>\n<li>Chuy\u1ec3n \u0111\u1ed5i m\u1ea1ng d\u00e2y c\u1ee7a m\u00e1y t\u00ednh ho\u1eb7c laptop th\u00e0nh \u0111i\u1ec3m ph\u00e1t Wifi nh\u1edd ch\u1ebf \u0111\u1ed9 SoftAP.<\/li>\n<li>Ph\u00f9 h\u1ee3p v\u1edbi nhi\u1ec1u h\u1ec7 \u0111i\u1ec1u h\u00e0nh.<\/li>\n<\/ul>\n","protected":false},"featured_media":0,"template":"","meta":[],"product_brand":[],"product_cat":[41],"product_tag":[141,139,140,138],"class_list":{"0":"post-295","1":"product","2":"type-product","3":"status-publish","5":"product_cat-thiet-bi-tin-hoc-khac","6":"product_tag-card-wifi-roi","7":"product_tag-thu-wifi-laptop","8":"product_tag-thu-wifi-pc","9":"product_tag-usb-wifi","11":"first","12":"instock","13":"shipping-taxable","14":"purchasable","15":"product-type-simple"},"jetpack_sharing_enabled":true,"_links":{"self":[{"href":"http:\/\/vitinhhaiduong.com\/index.php?rest_route=\/wp\/v2\/product\/295","targetHints":{"allow":["GET"]}}],"collection":[{"href":"http:\/\/vitinhhaiduong.com\/index.php?rest_route=\/wp\/v2\/product"}],"about":[{"href":"http:\/\/vitinhhaiduong.com\/index.php?rest_route=\/wp\/v2\/types\/product"}],"wp:attachment":[{"href":"http:\/\/vitinhhaiduong.com\/index.php?rest_route=%2Fwp%2Fv2%2Fmedia&parent=295"}],"wp:term":[{"taxonomy":"product_brand","embeddable":true,"href":"http:\/\/vitinhhaiduong.com\/index.php?rest_route=%2Fwp%2Fv2%2Fproduct_brand&post=295"},{"taxonomy":"product_cat","embeddable":true,"href":"http:\/\/vitinhhaiduong.com\/index.php?rest_route=%2Fwp%2Fv2%2Fproduct_cat&post=295"},{"taxonomy":"product_tag","embeddable":true,"href":"http:\/\/vitinhhaiduong.com\/index.php?rest_route=%2Fwp%2Fv2%2Fproduct_tag&post=295"}],"curies":[{"name":"wp","href":"https:\/\/api.w.org\/{rel}","templated":true}]}}