{"id":314,"date":"2022-03-14T08:36:51","date_gmt":"2022-03-14T01:36:51","guid":{"rendered":"https:\/\/vitinhhaiduong.com\/?post_type=product&#038;p=314"},"modified":"2022-03-14T08:54:36","modified_gmt":"2022-03-14T01:54:36","slug":"nguon-may-tinh-aigo-vk350-350w-mau-den","status":"publish","type":"product","link":"http:\/\/vitinhhaiduong.com\/?product=nguon-may-tinh-aigo-vk350-350w-mau-den","title":{"rendered":"Ngu\u1ed3n m\u00e1y t\u00ednh c\u00f4ng su\u1ea5t th\u1ef1c AIGO VK350 &#8211; 350W (M\u00e0u \u0110en)"},"content":{"rendered":"<h3>Ngu\u1ed3n AIGO VK350 \u2013 350W Ch\u00ednh h\u00e3ng<\/h3>\n<p><img loading=\"lazy\" decoding=\"async\" class=\"aligncenter wp-image-1068 size-full\" src=\"https:\/\/metechtoancau.com\/wp-content\/uploads\/2021\/12\/vk550.jpg\" alt=\"\" width=\"800\" height=\"800\" \/><\/p>\n<ul>\n<li style=\"text-align: justify\">Th\u00f4ng s\u1ed1 k\u1ef9 thu\u1eadt:<br \/>\n&#8211; Th\u01b0\u01a1ng hi\u1ec7u: AIGO<br \/>\n&#8211; T\u00ean s\u1ea3n ph\u1ea9m: VK350<br \/>\n&#8211; Ch\u1ee7ng lo\u1ea1i: Ngu\u1ed3n m\u00e1y t\u00ednh<\/li>\n<li style=\"text-align: justify\">\u00a0Chi ti\u1ebft:<br \/>\n&#8211; \u0110i\u1ec7n \u00e1p \u0111\u1ea7u v\u00e0o: 220V &#8211; 240V<br \/>\n&#8211; C\u00f4ng su\u1ea5t t\u1ed1i \u0111a: 350W<br \/>\n&#8211; Qu\u1ea1t l\u00e0m m\u00e1t: 120mm<br \/>\n&#8211; Ti\u00eau chu\u1ea9n: N-PFC<br \/>\n&#8211; K\u00edch th\u01b0\u1edbc (CxRxD): 150mm x 140mm x 85mm<br \/>\n&#8211; Chi\u1ec1u d\u00e0i ngu\u1ed3n t\u1ed1i \u0111a: 150mm<br \/>\n&#8211; Lo\u1ea1i d\u00e2y c\u1eafm: Non modun<\/li>\n<li style=\"text-align: justify\">S\u1ed1 l\u01b0\u1ee3ng cable k\u1ebft n\u1ed1i:<br \/>\n1 x ATX 24-PIN (20+4)<br \/>\n1 x CPU 4 PIN<br \/>\n2 x SATA (2 SATA)<br \/>\n2 x PERIPHERAL (4-PIN)<\/li>\n<li style=\"text-align: justify\">T\u00ednh n\u0103ng n\u1ed5i b\u1eadt:<br \/>\n&#8211; D\u00f2ng ngu\u1ed3n t\u1ed1t nh\u1ea5t cho h\u1ec7 th\u1ed1ng v\u0103n ph\u00f2ng<br \/>\n&#8211; Th\u00edch h\u1ee3p v\u1edbi h\u1ec7 th\u1ed1ng ATX 12V<br \/>\n&#8211; Bi\u1ebfn \u00e1p \u0111\u01b0\u1ee3c n\u00e2ng c\u1ea5p c\u1ea3i thi\u1ec7n s\u1ef1 c\u00e2n b\u1eb1ng gi\u1eefa c\u00e1c quy \u0111\u1ecbnh \u0111i\u1ec7n \u00e1p 12V, 3.3V v\u00e0 5V v\u00e0 t\u0103ng c\u01b0\u1eddng s\u1ef1 \u1ed5n \u0111\u1ecbnh, cho ph\u00e9p h\u1ed7 tr\u1ee3 h\u1ec7 th\u1ed1ng t\u1ea3i 12V n\u1eb7ng.<br \/>\n&#8211; S\u1eed d\u1ee5ng ch\u1ea5t li\u1ec7u SECC cao c\u1ea5p v\u1edbi v\u1ecf ph\u1ee7 m\u00e0u \u0111en<br \/>\n&#8211; C\u00e1p ch\u00ednh d\u00e0i 500mm h\u1ed7 tr\u1ee3 case cao c\u1ea5p v\u1edbi PSU g\u1eafn ph\u00eda d\u01b0\u1edbi.<\/li>\n<\/ul>\n","protected":false},"excerpt":{"rendered":"<p><span class=\"item \">&#8211; C\u00f4ng su\u1ea5t t\u1ed1i \u0111a 350w<br \/>\n<\/span><span class=\"item \">&#8211; Ph\u00f9 h\u1ee3p c\u00e1c lo\u1ea1i c\u1ea5u h\u00ecnh ph\u1ed5 th\u00f4ng v\u00e0 v\u0103n ph\u00f2ng<br \/>\n<\/span><span class=\"item \">&#8211; Thi\u1ebft k\u1ebf ch\u1eafc ch\u1eafn, c\u1ee9ng c\u00e1p<br \/>\n<\/span><span class=\"item \">&#8211; Fan t\u1ea3n nhi\u1ec7t 120mm gi\u00fap t\u0103ng kh\u1ea3 n\u0103ng l\u00e0m m\u00e1t cho b\u1ed9 ngu\u1ed3n<br \/>\n&#8211; B\u1ea3o h\u00e0nh 12 Th\u00e1ng<br \/>\n&#8211; Giao h\u00e0ng t\u1eadn n\u01a1i to\u00e0n qu\u1ed1c<\/span><\/p>\n","protected":false},"featured_media":0,"template":"","meta":[],"product_brand":[],"product_cat":[17,35],"product_tag":[151,148,149,147,150],"class_list":{"0":"post-314","1":"product","2":"type-product","3":"status-publish","5":"product_cat-linh-kien-may-tinh-de-ban","6":"product_cat-nguon","7":"product_tag-350w","8":"product_tag-nguon-350w","9":"product_tag-nguon-aigo","10":"product_tag-nguon-may-tinh","11":"product_tag-vk350","13":"first","14":"instock","15":"shipping-taxable","16":"purchasable","17":"product-type-simple"},"jetpack_sharing_enabled":true,"_links":{"self":[{"href":"http:\/\/vitinhhaiduong.com\/index.php?rest_route=\/wp\/v2\/product\/314","targetHints":{"allow":["GET"]}}],"collection":[{"href":"http:\/\/vitinhhaiduong.com\/index.php?rest_route=\/wp\/v2\/product"}],"about":[{"href":"http:\/\/vitinhhaiduong.com\/index.php?rest_route=\/wp\/v2\/types\/product"}],"wp:attachment":[{"href":"http:\/\/vitinhhaiduong.com\/index.php?rest_route=%2Fwp%2Fv2%2Fmedia&parent=314"}],"wp:term":[{"taxonomy":"product_brand","embeddable":true,"href":"http:\/\/vitinhhaiduong.com\/index.php?rest_route=%2Fwp%2Fv2%2Fproduct_brand&post=314"},{"taxonomy":"product_cat","embeddable":true,"href":"http:\/\/vitinhhaiduong.com\/index.php?rest_route=%2Fwp%2Fv2%2Fproduct_cat&post=314"},{"taxonomy":"product_tag","embeddable":true,"href":"http:\/\/vitinhhaiduong.com\/index.php?rest_route=%2Fwp%2Fv2%2Fproduct_tag&post=314"}],"curies":[{"name":"wp","href":"https:\/\/api.w.org\/{rel}","templated":true}]}}