{"id":376,"date":"2022-04-04T10:04:23","date_gmt":"2022-04-04T03:04:23","guid":{"rendered":"https:\/\/vitinhhaiduong.com\/?post_type=product&#038;p=376"},"modified":"2022-04-04T10:06:58","modified_gmt":"2022-04-04T03:06:58","slug":"laptop-cu-dell-latitude-e7270-intel-core-i7","status":"publish","type":"product","link":"http:\/\/vitinhhaiduong.com\/?product=laptop-cu-dell-latitude-e7270-intel-core-i7","title":{"rendered":"Laptop c\u0169 Dell Latitude E7270 &#8211; Intel Core i7"},"content":{"rendered":"<h1><span style=\"font-size: 28px\">Dell Latitude E7270<\/span><\/h1>\n<h1><span style=\"font-size: 28px\">Nh\u1ecf g\u1ecdn &#8211; Si\u00eau b\u1ec1n &#8211; C\u1ea5u h\u00ecnh c\u1ef1c kh\u1ecfe<\/span><\/h1>\n<p><strong>L\u00e0 m\u1eabu laptop Dell c\u0169 n\u1ed5i b\u1eadt v\u1edbi v\u1ebb b\u1ec1 ngo\u00e0i nh\u1ecf g\u1ecdn, ch\u1eafc ch\u1eafn, hi\u1ec7u n\u0103ng kh\u1ecfe c\u00f9ng t\u00f4ng m\u00e0u \u0111en sang tr\u1ecdng, laptop\u00a0Dell Latitude E7270 i7 h\u1ee9a h\u1eb9n s\u1ebd l\u00e0 m\u1ed9t trong nh\u1eefng m\u1eabu laptop v\u0103n ph\u00f2ng &#8211; tr\u1ee3 th\u1ee7 \u0111\u1eafc l\u1ef1c trong c\u00f4ng vi\u1ec7c l\u1eabn gi\u1ea3i tr\u00ed b\u1edfi t\u00ednh n\u0103ng v\u01b0\u1ee3t tr\u1ed9i c\u1ee7a n\u00f3. \u0110\u1ec3 t\u00ecm hi\u1ec3u chi ti\u1ebft v\u1ec1 m\u1eabu laptop c\u0169 \u0111\u1ebfn t\u1eeb th\u01b0\u01a1ng hi\u1ec7u laptop Dell n\u00e0y, c\u00e1c b\u1ea1n h\u00e3y tham kh\u1ea3o ngay n\u1ed9i dung d\u01b0\u1edbi \u0111\u00e2y nh\u00e9! <\/strong><\/p>\n<p>&#8211; Hi\u1ec7u n\u0103ng m\u00e1y kh\u1ecfe tho\u1ea3i m\u00e1i l\u00e0m v\u0103n ph\u00f2ng, qu\u1ea3n l\u00fd th\u1eadm ch\u00ed c\u00e1c t\u00e1c v\u1ee5 n\u1eb7ng nh\u01b0 code. M\u1edf ch\u1ee5c tab Chrome kh\u00f4ng gi\u1eadt lag v\u1edbi chip Intel core i7, RAM 8GB hay vi\u1ec7c kh\u1edfi \u0111\u1ed9ng m\u00e1y, l\u01b0u t\u1ea3i file ch\u1ec9 m\u1ea5t v\u00e0i gi\u00e2y v\u1edbi SSD 240GB<\/p>\n<p>&#8211; M\u00e1y c\u00f3 v\u1ecf \u0111\u01b0\u1ee3c l\u00e0m t\u1eeb s\u1ee3i carbon cao c\u1ea5p c\u1ef1c k\u1ef3 ch\u1eafc ch\u1eafn gi\u00fap ch\u1ed1ng ch\u1ecbu t\u1ed1t m\u1ecdi va \u0111\u1eadp trong qu\u00e1 tr\u00ecnh s\u1eed d\u1ee5ng, d\u00f9ng l\u00e2u kh\u00f4ng s\u1ee3 xu\u1ed1ng c\u1ea5p<\/p>\n<p>&#8211; M\u00e1y c\u1ef1c nh\u1ecf g\u1ecdn v\u1edbi m\u00e0n 12 inch ch\u1ec9 n\u1eb7ng kho\u1ea3ng 1.26 kg cho b\u1ea1n tho\u1ea3i m\u00e1i di chuy\u1ec3n, l\u00e0m vi\u1ec7c \u1edf m\u1ecdi n\u01a1i<\/p>\n<p><strong>Nh\u1ecf g\u1ecdn, si\u00eau b\u1ec1n b\u1ec9<\/strong><\/p>\n<p><img decoding=\"async\" src=\"https:\/\/laptop88.vn\/media\/lib\/28-04-2021\/dsc005471-min.jpg\" alt=\"\" \/><\/p>\n<p>Dell Latitude E7270 n\u1ed5i b\u1eadt v\u1edbi thi\u1ebft k\u1ebf vu\u00f4ng v\u1ee9c. C\u00e1c g\u00f3c c\u1ea1nh \u0111\u01b0\u1ee3c bo tr\u00f2n mang \u0111\u1eb7c tr\u01b0ng c\u1ee7a d\u00f2ng Latitude mang \u0111\u1ebfn cho ng\u01b0\u1eddi d\u00f9ng c\u1ea3m gi\u00e1c sang tr\u1ecdng. Khung m\u00e1y ch\u1eafc ch\u1eafn k\u1ebft h\u1ee3p v\u1edbi v\u1ecf m\u00e1y b\u1eb1ng ch\u1ea5t li\u1ec7u carbon m\u00e0u \u0111en l\u1ecbch l\u00e3m gi\u00fap m\u00e1y tr\u00f4ng c\u1ee9ng c\u00e1p h\u01a1n. H\u1ecda ti\u1ebft caro tr\u00ean n\u1eafp m\u00e1y b\u1eb1ng ch\u1ea5t li\u1ec7u magie gi\u00fap ch\u1ed1ng b\u00e1m d\u00ednh v\u00e2n tay c\u1ef1c t\u1ed1t c\u00f2n g\u00f3p ph\u1ea7n l\u00e0m t\u0103ng th\u00eam ph\u1ea7n tinh t\u1ebf.\u00a0 Chi\u1ebfc m\u00e1y n\u00e0y c\u00f3 kh\u1ea3 n\u0103ng ch\u1ed1ng ch\u1ecbu va \u0111\u1eadp c\u0169ng nh\u01b0 ch\u1ed1ng s\u1ed1c khi di chuy\u1ec3n c\u1ef1c t\u1ed1t.<br \/>\nDell Latitude E7270 s\u1edf h\u1eefu m\u1ed9t thi\u1ebft k\u1ebf kh\u00e1 nh\u1ecf g\u1ecdn v\u1edbi m\u00e0n h\u00ecnh 12 inch chi\u1ec1u d\u00e0i 31cm, r\u1ed9ng 21.6cm, cao 1.72cm v\u00e0 ch\u1ec9 n\u1eb7ng 1.26kg ph\u00f9 h\u1ee3p cho ng\u01b0\u1eddi d\u00f9ng mang theo m\u00e1y trong c\u00e1c chuy\u1ebfn c\u00f4ng t\u00e1c, hay di chuy\u1ec3n trong v\u0103n ph\u00f2ng.<\/p>\n<p><strong>C\u1ea5u h\u00ecnh cao &#8211; Hi\u1ec7u n\u0103ng kh\u1ecfe<\/strong><\/p>\n<p><img decoding=\"async\" src=\"https:\/\/laptop88.vn\/media\/lib\/28-04-2021\/dsc00546-min.jpg\" alt=\"\" \/><\/p>\n<p>Dell Latitude E7270 s\u1edf h\u1eefu c\u1ea5u h\u00ecnh c\u1ef1c kh\u1ecfe v\u1edbi chip Intel core i7 \u0111\u1eddi 6. Con chip n\u00e0y \u0111\u1ee7 kh\u1ea3 n\u0103ng x\u1eed l\u00fd c\u1ef1c nhanh m\u01b0\u1ee3t m\u1ecdi t\u00e1c v\u1ee5 v\u0103n ph\u00f2ng, qu\u1ea3n l\u00fd. C\u00e2n t\u1ed1t c\u00e1c t\u00e1c v\u1ee5 n\u1eb7ng, ph\u1ee9c t\u1ea1p. Ngo\u00e0i ra ng\u01b0\u1eddi d\u00f9ng c\u00f2n c\u00f3 th\u1ec3 l\u00e0m t\u1ed1t tr\u00ean c\u00e1c ph\u1ea7n m\u1ec1m thi\u1ebft k\u1ebf \u0111\u1ed3 h\u1ecda 2D hay l\u00e0m code web, html, PHP,&#8230;. c\u1ef1c t\u1ed1t.<\/p>\n<p>Th\u00eam v\u00e0o \u0111\u00f3, m\u00e1y c\u0169ng \u0111\u01b0\u1ee3c trang b\u1ecb b\u1ed9 nh\u1edb RAM 8GB \u0111a nhi\u1ec7m, x\u1eed l\u00fd c\u00f9ng l\u00fac nhi\u1ec1u t\u00e1c v\u1ee5 hay m\u1edf h\u00e0ng ch\u1ee5c tab Chrome kh\u00f4ng gi\u1eadt lag. \u1ed4 c\u1ee9ng SSD 512GB gi\u00fap truy xu\u1ea5t d\u1eef li\u1ec7u si\u00eau nhanh, m\u1edf m\u00e1y, kh\u1edfi \u0111\u1ed9ng ph\u1ea7n m\u1ec1m ch\u1ec9 trong gi\u00e2y l\u00e1t.<\/p>\n<p><strong>B\u00e0n ph\u00edm &#8211; Touchpad<\/strong><\/p>\n<p><img decoding=\"async\" src=\"https:\/\/laptop88.vn\/media\/lib\/28-04-2021\/dsc00541-min.jpg\" alt=\"\" \/><\/p>\n<p>Dell Latitude E7270 trang b\u1ecb B\u00e0n ph\u00edm chiclet c\u00f3 \u0111\u00e8n n\u1ec1n. V\u1edbi h\u00e0nh tr\u00ecnh 1.6mm kh\u00e1 n\u1ea3y v\u00e0 \u00eam \u00e1i n\u00ean vi\u1ec7c g\u00f5 v\u0103n b\u1ea3n tr\u00ean Dell Latitude E7270 kh\u00e1 tho\u1ea3i m\u00e1i, nhanh v\u00e0 \u00edt nh\u1ea7m l\u1eabn. \u0110\u00e2y l\u00e0 m\u1ed9t trong nh\u1eefng y\u1ebfu t\u1ed1 m\u00e0 m\u00e1y n\u00e0y \u0111\u01b0\u1ee3c d\u00e2n v\u0103n ph\u00f2ng \u01b0a chu\u1ed9ng.<\/p>\n<p>Touchpad \u1edf b\u00ean d\u01b0\u1edbi tuy kh\u00f4ng \u0111\u01b0\u1ee3c r\u1ed9ng r\u00e3i l\u1eafm do m\u00e1y ch\u1ec9 12 inch nh\u01b0ng c\u0169ng v\u1eeba v\u1eb7n \u0111\u1ee7 d\u00f9ng. C\u00e1c thao t\u00e1c nh\u01b0 ph\u00f3ng to b\u1eb1ng 2 ng\u00f3n tay hay vu\u1ed1t 3 ng\u00f3n tay \u0111\u1ec3 hi\u1ec3n th\u1ecb t\u1ea5t c\u1ea3 c\u1eeda s\u1ed5 \u0111\u1ec1u m\u01b0\u1ee3t m\u00e0 tr\u01a1n tru.<\/p>\n<p><strong>C\u1ed5ng k\u1ebft n\u1ed1i<\/strong><\/p>\n<p><img decoding=\"async\" src=\"https:\/\/laptop88.vn\/media\/lib\/3964_laptop-dell-latitude-e7270-5.jpg\" alt=\"\" \/><\/p>\n<p>M\u00e1y c\u00f3 c\u1ed5ng USB 3.0, c\u1ed5ng LAN, c\u1ed5ng HDMI\u2026. Cho kh\u1ea3 n\u0103ng k\u1ebft n\u1ed1i v\u1edbi c\u00e1c thi\u1ebft b\u1ecb kh\u00e1c m\u1ed9t c\u00e1ch d\u1ec5 d\u00e0ng. Ngo\u00e0i ra, Dell c\u00f2n trang b\u1ecb cho m\u00e1y k\u1ebft n\u1ed1i Wifi Intel Dual-Band Wireless 8260 AC cho kh\u1ea3 n\u0103ng k\u1ebft n\u1ed1i Internet nhanh ch\u00f3ng v\u00e0 Bluetooth 4.1 cho kh\u1ea3 n\u0103ng k\u1ebft n\u1ed1i v\u1edbi c\u00e1c thi\u1ebft b\u1ecb kh\u00e1c m\u1ed9t c\u00e1ch ti\u1ec7n l\u1ee3i.<\/p>\n<p>N\u1ebfu b\u1ea1n l\u00e0 d\u00e2n v\u0103n ph\u00f2ng th\u00ec c\u00f2n g\u00ec tuy\u1ec7t v\u1eddi h\u01a1n khi s\u1edf h\u1eefu m\u1ed9t chi\u1ebfc laptop \u0111\u01b0\u1ee3c trang b\u1ecb \u0111\u1ea7y \u0111\u1ee7 c\u1ed5ng k\u1ebft n\u1ed1i n\u1eefa nh\u1ec9. Ch\u00ednh v\u00ec v\u1eady Dell Latitude E7270 s\u1ebd l\u00e0 m\u1ed9t tr\u1ee3 th\u1ee7 \u0111\u1eafc l\u1ef1c \u0111\u1ec3 ph\u1ee5c v\u1ee5 t\u1ed1i \u0111a c\u00e1c nhu c\u1ea7u l\u00e0m vi\u1ec7c.<\/p>\n<p><strong>M\u00e0n h\u00ecnh<\/strong><\/p>\n<p><img decoding=\"async\" src=\"https:\/\/laptop88.vn\/media\/lib\/28-04-2021\/dsc00992-min1.jpg\" alt=\"\" \/><\/p>\n<p>M\u00e0n h\u00ecnh c\u1ee7a Dell Latitude E7270 c\u00f3 k\u00edch th\u01b0\u1edbc kh\u00e1 nh\u1ecf g\u1ecdn ch\u1ec9 12.5 inch v\u1edbi 2 t\u00f9y ch\u1ecdn \u0111\u1ed9 ph\u00e2n gi\u1ea3i HD v\u00e0 Full HD.\u00a0 M\u00e0n h\u00ecnh c\u1ee7a Dell Latitude E7270 c\u00f3 th\u1ec3 t\u00e1i t\u1ea1o \u0111\u01b0\u1ee3c 74.7% gam m\u00e0u sRGB.c\u00f9ng v\u1edbi c\u00f4ng ngh\u1ec7 m\u00e0n LCD cho h\u00ecnh \u1ea3nh s\u1ed1ng \u0111\u1ed9ng v\u00e0 s\u1eafc n\u00e9t, \u0111em \u0111\u1ebfn s\u1ef1 tho\u1ea3i m\u00e1i cho ng\u01b0\u1eddi d\u00f9ng trong nh\u1eefng ph\u00fat gi\u00e2y th\u01b0 gi\u00e3n, c\u0169ng nh\u01b0 l\u00e0m vi\u1ec7c.<\/p>\n<p>\u0110\u1ed9 s\u00e1ng m\u00e0n h\u00ecnh c\u1ee7a Dell Latitude E7270 l\u00e0 314 nits n\u00ean b\u1ea1n c\u00f3 th\u1ec3 l\u00e0m d\u1ec5 d\u00e0ng l\u00e0m vi\u1ec7c ngo\u00e0i tr\u1eddi.<\/p>\n<p><strong>T\u1ed5ng k\u1ebft<\/strong><\/p>\n<p>N\u1ebfu b\u1ea1n \u0111ang c\u1ea7n m\u1ed9t chi\u1ebfc laptop v\u1eeba b\u1ec1n, v\u1eeba \u0111\u1eb9p m\u00e0 hi\u1ec7u n\u0103ng l\u1ea1i \u1ed5n \u0111\u1ecbnh, m\u01b0\u1ee3t m\u00e0 th\u00ec Dell Latitude E7270 l\u00e0 s\u1ef1 l\u1ef1a ch\u1ecdn tuy\u1ec7t v\u1eddi. Hi\u1ec7n nay m\u00e1y \u0111ang \u0111\u01b0\u1ee3c b\u00e1n t\u1ea1i Laptop88 v\u1edbi gi\u00e1 c\u1ef1c m\u1ec1m k\u00e8m nh\u1eefng ch\u00ednh s\u00e1ch b\u1ea3o h\u00e0nh h\u1eadu m\u00e3i uy t\u00edn c\u00e1c b\u1ea1n c\u00f3 th\u1ec3 tham kh\u1ea3o.<\/p>\n","protected":false},"excerpt":{"rendered":"<p>Nh\u1ecf g\u1ecdn, ti\u1ec7n l\u1ee3i. M\u1ecfng, nh\u1eb9, \u0111\u1eb9p, b\u1ecf v\u1eeba c\u1ed1p xe. c\u1ea5u h\u00ecnh cao, l\u00e0m t\u1ed1t v\u0103n ph\u00f2ng, l\u1eadp tr\u00ecnh, laptop Dell si\u00eau b\u1ec1n.<br \/>\n<span class=\"name\">CPU: <\/span>Intel Core i7 &#8211; 6600U<br \/>\n<span class=\"name\">RAM: <\/span>8GB DDR4<br \/>\n<span class=\"name\">\u1ed4 c\u1ee9ng: <\/span>SSD 256GB<br \/>\n<span class=\"name\">Card \u0111\u1ed3 h\u1ecda: <\/span>Intel HD Graphics 520<br \/>\n<span class=\"name\">M\u00e0n h\u00ecnh: <\/span>12.5 Inch HD<br \/>\nB\u1ea3o h\u00e0nh 3 th\u00e1ng<br \/>\nGiao h\u00e0ng t\u1eadn n\u01a1i to\u00e0n qu\u1ed1c<\/p>\n","protected":false},"featured_media":0,"template":"","meta":[],"product_brand":[],"product_cat":[43],"product_tag":[55,54,180,184],"class_list":{"0":"post-376","1":"product","2":"type-product","3":"status-publish","5":"product_cat-laptop-may-tinh-xach-tay","6":"product_tag-laptop-ben-tre","7":"product_tag-laptop-cu-gia-re","8":"product_tag-laptop-dell","9":"product_tag-laptop-dell-e7270","11":"first","12":"instock","13":"shipping-taxable","14":"purchasable","15":"product-type-simple"},"jetpack_sharing_enabled":true,"_links":{"self":[{"href":"http:\/\/vitinhhaiduong.com\/index.php?rest_route=\/wp\/v2\/product\/376","targetHints":{"allow":["GET"]}}],"collection":[{"href":"http:\/\/vitinhhaiduong.com\/index.php?rest_route=\/wp\/v2\/product"}],"about":[{"href":"http:\/\/vitinhhaiduong.com\/index.php?rest_route=\/wp\/v2\/types\/product"}],"wp:attachment":[{"href":"http:\/\/vitinhhaiduong.com\/index.php?rest_route=%2Fwp%2Fv2%2Fmedia&parent=376"}],"wp:term":[{"taxonomy":"product_brand","embeddable":true,"href":"http:\/\/vitinhhaiduong.com\/index.php?rest_route=%2Fwp%2Fv2%2Fproduct_brand&post=376"},{"taxonomy":"product_cat","embeddable":true,"href":"http:\/\/vitinhhaiduong.com\/index.php?rest_route=%2Fwp%2Fv2%2Fproduct_cat&post=376"},{"taxonomy":"product_tag","embeddable":true,"href":"http:\/\/vitinhhaiduong.com\/index.php?rest_route=%2Fwp%2Fv2%2Fproduct_tag&post=376"}],"curies":[{"name":"wp","href":"https:\/\/api.w.org\/{rel}","templated":true}]}}