{"id":386,"date":"2022-04-04T10:47:54","date_gmt":"2022-04-04T03:47:54","guid":{"rendered":"https:\/\/vitinhhaiduong.com\/?post_type=product&#038;p=386"},"modified":"2022-04-04T10:47:54","modified_gmt":"2022-04-04T03:47:54","slug":"laptop-cu-dell-latitude-e7450-intel-core-i5","status":"publish","type":"product","link":"http:\/\/vitinhhaiduong.com\/?product=laptop-cu-dell-latitude-e7450-intel-core-i5","title":{"rendered":"Laptop C\u0169 Dell Latitude E7450 &#8211; Intel Core i5"},"content":{"rendered":"<p><span style=\"font-size: 24px\"><strong>DELL LATITUDE E7450<\/strong><\/span><\/p>\n<p><span style=\"font-size: 24px\"><strong>LAPTOP GI\u00c1 R\u1eba G\u1eccN NH\u1eb8 &#8211; SI\u00caU B\u1ec0N\u00a0<\/strong><\/span><\/p>\n<p><span style=\"font-size: 24px\"><strong>C\u1ea4U H\u00ccNH \u1ed4N \u0110\u1ecaNH<\/strong><\/span><\/p>\n<p>Laptop Dell t\u1eeb l\u00e2u \u0111\u00e3 n\u1ed5i ti\u1ebfng v\u1edbi nh\u1eefng d\u00f2ng laptop, m\u00e1y t\u00ednh x\u00e1ch tay si\u00eau b\u1ec1n b\u1ec9, hi\u1ec7u n\u0103ng \u1ed5n \u0111\u1ecbnh \u0111\u00e1p \u1ee9ng t\u1ed1t c\u00e1c nhu c\u1ea7u c\u00f4ng vi\u1ec7c, h\u1ecdc t\u1eadp, gi\u1ea3i tr\u00ed cho ng\u01b0\u1eddi d\u00f9ng. Laptop c\u0169\u00a0<strong>Dell Latitude E7450<\/strong> c\u0169ng kh\u00f4ng ph\u1ea3i l\u00e0 ngo\u1ea1i l\u1ec7, chi\u1ebfc laptop Dell c\u0169 n\u00e0y s\u1edf h\u1eefu c\u1ea5u h\u00ecnh kh\u1ecfe, thi\u1ebft k\u1ebf b\u1ec1n \u0111\u1eb9p cho b\u1ea1n tr\u1ea3i nghi\u1ec7m s\u1eed d\u1ee5ng t\u1ed1t nh\u1ea5t. \u0110\u00e2y ch\u1eafc ch\u1eafn s\u1ebd l\u00e0 m\u1ed9t l\u1ef1a ch\u1ecdn s\u00e1ng gi\u00e1 trong d\u00f2ng laptop v\u0103n ph\u00f2ng c\u00f3 gi\u00e1 d\u01b0\u1edbi 10 tri\u1ec7u.<\/p>\n<p>&#8211; Thi\u1ebft k\u1ebf g\u1ecdn g\u00e0ng, tr\u1ecdng l\u01b0\u1ee3ng 1.59 kg d\u1ec5 d\u00e0ng di chuy\u1ec3n<\/p>\n<p>&#8211; K\u1ebft c\u1ea5u c\u1ee9ng c\u00e1p, b\u1ec1n b\u1ec9 d\u00f9ng nhi\u1ec1u n\u0103m kh\u00f4ng lo h\u1ecfng v\u1eb7t<\/p>\n<p>&#8211; C\u1ea5u h\u00ecnh \u0111\u1ee7 \u0111\u1ec3 gi\u1ea3i quy\u1ebft nhanh m\u1ecdi c\u00f4ng vi\u1ec7c v\u0103n ph\u00f2ng th\u00f4ng th\u01b0\u1eddng<\/p>\n<h2>Dell Latitude E7450 &#8211; Thi\u1ebft k\u1ebf si\u00eau b\u1ec1n, g\u1ecdn nh\u1eb9<\/h2>\n<p><strong>Dell Latitude E7450<\/strong>\u00a0\u0111\u01b0\u1ee3c thi\u1ebft k\u1ebf v\u1edbi m\u1ee5c ti\u00eau t\u1ed1i \u01b0u nhu c\u1ea7u s\u1eed d\u1ee5ng c\u1ee7a d\u00e2n v\u0103n ph\u00f2ng.\u00a0Ph\u1ea7n khung m\u00e1y \u0111\u01b0\u1ee3c l\u00e0m t\u1eeb h\u1ee3p kim Magie, v\u1ecf m\u00e1y \u0111\u01b0\u1ee3c ph\u1ee7 th\u00eam m\u1ed9t l\u1edbp cao su nh\u1eb5n m\u1ecbn gi\u00fap gia t\u0103ng kh\u1ea3 n\u0103ng ch\u1ed1ng x\u01b0\u1edbc, ch\u1ed1ng va \u0111\u1eadp c\u1ef1c t\u1ed1t. Ngo\u00e0i ra, gam m\u00e0u \u0111en ch\u1ee7 \u0111\u1ea1o c\u00f2n gi\u00fap chi\u1ebfc m\u00e1y c\u00f3 \u0111\u01b0\u1ee3c n\u00e9t \u0111\u1eb9p l\u00f4i cu\u1ed1n, gi\u00fap t\u00f4n th\u00eam th\u1ea7n th\u00e1i chuy\u00ean nghi\u1ec7p, t\u1ef1 tin cho ng\u01b0\u1eddi d\u00f9ng.<\/p>\n<p><strong>Dell Latitude E7450<\/strong>\u00a0r\u1ea5t b\u1ec1n b\u1ec9 nh\u01b0ng tr\u1ecdng l\u01b0\u1ee3ng m\u00e1y ch\u1ec9 kho\u1ea3ng 1.59kg, thu\u1eadn ti\u1ec7n \u0111\u1ec3 ng\u01b0\u1eddi d\u00f9ng mang theo b\u00ean m\u00ecnh di chuy\u1ec3n t\u1edbi m\u1ecdi n\u01a1i m\u00e0 kh\u00f4ng h\u1ec1 th\u1ea5y m\u1ec7t m\u1ecfi.<\/p>\n<p><img decoding=\"async\" src=\"https:\/\/laptop88.vn\/media\/lib\/2559_DSC052981.jpg\" alt=\"\" \/><\/p>\n<h2>Dell Latitude E7450 &#8211; Hi\u1ec7u n\u0103ng l\u00e0m vi\u1ec7c m\u01b0\u1ee3t m\u00e0<\/h2>\n<p><strong>Dell Latitude E7450<\/strong> \u0111\u01b0\u1ee3c trang b\u1ecb b\u1ed9 vi x\u1eed l\u00fd g\u1ed3m chip i5 \u0111\u1eddi 5, RAM 4GB, SSD 120GB.\u00a0C\u1ea5u h\u00ecnh n\u00e0y \u0111\u1ee7 \u0111\u1ec3 gi\u00fap b\u1ea1n x\u1eed l\u00fd t\u1ed1t m\u1ecdi c\u00f4ng vi\u1ec7c v\u0103n ph\u00f2ng th\u00f4ng th\u01b0\u1eddng. T\u1eeb l\u00e0m b\u00e1o c\u00e1o cho \u0111\u1ebfn t\u00ednh to\u00e1n s\u1ed1 li\u1ec7u tr\u00ean Excel, c\u00e1c ph\u1ea7n m\u1ec1m k\u1ebf to\u00e1n, qu\u1ea3n tr\u1ecb b\u00e1n h\u00e0ng hay h\u1ecdc t\u1eadp,..<\/p>\n<h2>Dell Latitude E7450 &#8211; M\u00e0n h\u00ecnh hi\u1ec3n th\u1ecb h\u00ecnh \u1ea3nh \u0111\u1eb9p<\/h2>\n<p><strong>Dell Latitude E7450<\/strong>\u00a0\u0111\u01b0\u1ee3c trang b\u1ecb m\u00e0n h\u00ecnh 14 inch v\u1edbi 3 option \u0111\u1ed9 ph\u00e2n gi\u1ea3i HD \/ HD+ \/ Full HD \u0111\u1ec3 c\u00e1c b\u1ea1n l\u1ef1a ch\u1ecdn. T\u00f9y v\u00e0o ng\u00e2n s\u00e1ch v\u00e0 y\u1ec1u c\u1ea7u trong qu\u00e1 tr\u00ecnh s\u1eed d\u1ee5ng, c\u00e1c b\u1ea1n h\u00e3y ch\u1ecdn cho m\u00ecnh 1 option ph\u00f9 h\u1ee3p. T\u1ea5t nhi\u00ean\u00a0m\u00e0n h\u00ecnh \u0111\u1ed9 ph\u00e2n gi\u1ea3i c\u00e0ng t\u1ed1t th\u00ec h\u00ecnh \u1ea3nh hi\u1ec7n th\u1ecb s\u1ebd c\u00e0ng \u0111\u1eb9p v\u00e0 s\u1eafc n\u00e9t h\u01a1n.<\/p>\n<p><img decoding=\"async\" src=\"https:\/\/laptop88.vn\/media\/lib\/2559_DSC05246.jpg\" alt=\"\" \/>Dell Latitude E7450 &#8211; \u00c2m thanh ch\u1ea5t l\u01b0\u1ee3ng<\/p>\n<p>Kh\u00e1 gi\u1ed1ng v\u1edbi nhi\u1ec1u m\u1eabu notebook hay ultrabook trong d\u00f2ng Latitude Series, c\u1ea1nh tr\u01b0\u1edbc c\u1ee7a th\u00e2n m\u00e1y \u0111\u01b0\u1ee3c v\u00e1t ch\u00e9o v\u00e0 2 loa \u0111\u01b0\u1ee3c \u0111\u1eb7t \u1edf tr\u00ean \u0111\u00f3, \u1edf v\u1ecb tr\u00ed \u0111\u1ed1i x\u1ee9ng nhau. Loa c\u00f3 \u00e2m l\u01b0\u1ee3ng l\u1edbn, ph\u00f9 h\u1ee3p cho vi\u1ec7c gi\u1ea3i tr\u00ed nh\u01b0 xem phim, nghe nh\u1ea1c hay c\u00f4ng vi\u1ec7c tr\u00ecnh chi\u1ebfu v\u0103n ph\u00f2ng. Loa c\u00f3 \u0111\u1ed9 \u1ed5n \u0111\u1ecbnh t\u1ed1t, khi m\u1edf max volume g\u1ea7n nh\u01b0 kh\u00f4ng c\u00f3 hi\u1ec7n t\u01b0\u1ee3ng \u00e2m thanh b\u1ecb r\u00e8. Nh\u01b0ng n\u1ebfu mu\u1ed1n tr\u1ea3i nghi\u1ec7m \u00e2m thanh t\u1ed1t h\u01a1n th\u00ec b\u1ea1n v\u1eabn n\u00ean trang b\u1ecb cho m\u00ecnh tai nghe ho\u1eb7c loa ngo\u00e0i.<\/p>\n<h2>Dell Latitude E7450 &#8211; B\u00e0n ph\u00edm g\u00f5 \u00eam<\/h2>\n<p><strong>Dell Latitude E7450 <\/strong>\u0111\u01b0\u1ee3c trang b\u1ecb b\u00e0n ph\u00edm d\u1ea1ng chiclet v\u1edbi ph\u00edm vu\u00f4ng c\u1ee1 l\u1edbn 14x14mm. Ph\u00edm h\u01a1i l\u00f5m h\u00ecnh v\u00f2ng cung gi\u00fap cho ng\u01b0\u1eddi d\u00f9ng c\u00f3 c\u1ea3m gi\u00e1c \u00f4m tay khi g\u00f5 ph\u00edm. H\u00e0nh tr\u00ecnh ph\u00edm v\u1eeba ph\u1ea3i, \u0111\u1ed9 n\u1ea3y ph\u00edm t\u1ed1t, ph\u00edm g\u00f5 \u00eam, t\u1ea1o ra r\u1ea5t \u00edt ti\u1ebfng \u0111\u1ed9ng gi\u00fap ng\u01b0\u1eddi d\u00f9ng c\u00f3 tr\u1ea3i nghi\u1ec7m g\u00f5 ph\u00edm r\u1ea5t s\u01b0\u1edbng tay.<\/p>\n<p><img decoding=\"async\" src=\"https:\/\/laptop88.vn\/media\/lib\/2559_images1.jpg\" alt=\"\" \/><\/p>\n<h2>Dell Latitude E7450 &#8211; C\u1ed5ng k\u1ebft n\u1ed1i \u0111a d\u1ea1ng<\/h2>\n<p>V\u1ec1 c\u00e1c c\u1ed5ng k\u1ebft, <strong>Dell Latitude E7450<\/strong> \u0111\u01b0\u1ee3c trang b\u1ecb kh\u00e1 \u0111\u1ea7y \u0111\u1ee7 c\u00e1c c\u1ed5ng k\u1ebft n\u1ed1i cho c\u00f4ng vi\u1ec7c v\u0103n ph\u00f2ng v\u00e0 \u0111\u01b0\u1ee3c b\u1ed1 tr\u00ed ch\u1ee7 y\u1ebfu \u1edf c\u1ea1nh sau c\u1ee7a th\u00e2n m\u00e1y. Ph\u00eda b\u00ean tr\u00e1i, <strong>Dell Latitude E7450<\/strong> c\u00f3 1 khe \u0111\u1ecdc th\u1ebb SD, 1 khe Smart Card v\u00e0 khe t\u1ea3n nhi\u1ec7t.<\/p>\n<p>Chuy\u1ec3n sang ph\u00eda b\u00ean ph\u1ea3i, ch\u00fang ta c\u00f3 1 kh\u00f3a Kensington, 1 c\u1ed5ng USB 3.0, 1 jack audio 3.5mm combo.<\/p>\n<p>Cu\u1ed1i c\u00f9ng, c\u1ea1nh sau th\u00e2n m\u00e1y c\u00f3 1 c\u1ed5ng m\u1ea1ng LAN, 1 c\u1ed5ng Mini-DisplayPort, 2 c\u1ed5ng USB 3.0, 1 c\u1ed5ng HDMI v\u00e0 c\u1ed5ng c\u1eafm s\u1ea1c.<\/p>\n<p>C\u00e1c c\u1ed5ng k\u1ebft n\u1ed1i \u0111\u01b0\u1ee3c b\u1ed1 tr\u00ed ch\u1ee7 y\u1ebfu \u1edf ph\u00eda sau th\u00e2n m\u00e1y gi\u00fap cho vi\u1ec7c k\u1ebft n\u1ed1i c\u00e1c thi\u1ebft b\u1ecb c\u00f3 d\u00e2y nh\u01b0 chu\u1ed9t, m\u1ea1ng Ethernet, xu\u1ea5t h\u00ecnh \u1ea3nh d\u1ec5 d\u00e0ng v\u00e0 gi\u00fap cho ng\u01b0\u1eddi d\u00f9ng c\u00f3 c\u1ea3m gi\u00e1c g\u1ecdn g\u00e0ng, kh\u00f4ng b\u1ecb v\u01b0\u1edbng hai b\u00ean khi l\u00e0m vi\u1ec7c.<\/p>\n<p><img decoding=\"async\" src=\"https:\/\/laptop88.vn\/media\/lib\/2559_DSC05257.jpg\" alt=\"\" \/><\/p>\n<h2>K\u1ebft lu\u1eadn<\/h2>\n<p><strong>Dell Latitude E7450<\/strong> l\u00e0 d\u00f2ng laptop ph\u00f9 h\u1ee3p v\u1edbi m\u1ecdi ng\u01b0\u1eddi l\u00e0m v\u0103n ph\u00f2ng hay sinh vi\u00ean. N\u1ebfu b\u1ea1n mu\u1ed1n mua m\u1ed9t chi\u1ebfc laptop b\u1ec1n b\u1ec9 d\u00f9ng nhi\u1ec1u n\u0103m, g\u1ecdn nh\u1eb9 c\u00f3 th\u1ec3 d\u1ec5 d\u00e0ng di chuy\u1ec3n, hi\u1ec7u su\u1ea5t l\u00e0m vi\u1ec7c cao th\u00ec \u0111\u1eebng b\u1ecf qua chi\u1ebfc laptop n\u00e0y nh\u00e9!<\/p>\n","protected":false},"excerpt":{"rendered":"<p>Thi\u1ebft k\u1ebf doanh nh\u00e2n 14&#8243; g\u1ecdn nh\u1eb9, sang tr\u1ecdng. Chip \u0111\u1eddi 5, s\u1eb5n SSD t\u1ed1c \u0111\u1ed9 cao. Sang, B\u1ec1n.<br \/>\nCPU: Intel Core i5 &#8211; 5200U<br \/>\nRAM: 8GB DDR3<br \/>\n\u1ed4 c\u1ee9ng: SSD 240GB<br \/>\nCard \u0111\u1ed3 h\u1ecda: Intel HD Graphics 5500<br \/>\nM\u00e0n h\u00ecnh: 14 Inch HD<br \/>\nB\u1ea3o h\u00e0nh 3 th\u00e1ng<br \/>\nGiao h\u00e0ng t\u1eadn n\u01a1i to\u00e0n qu\u1ed1c<\/p>\n","protected":false},"featured_media":0,"template":"","meta":[],"product_brand":[],"product_cat":[43],"product_tag":[189,55,188,54,186],"class_list":{"0":"post-386","1":"product","2":"type-product","3":"status-publish","5":"product_cat-laptop-may-tinh-xach-tay","6":"product_tag-dell-e7450-i5e","7":"product_tag-laptop-ben-tre","8":"product_tag-laptop-cu-dell","9":"product_tag-laptop-cu-gia-re","10":"product_tag-laptop-tam-trung","12":"first","13":"instock","14":"shipping-taxable","15":"purchasable","16":"product-type-simple"},"jetpack_sharing_enabled":true,"_links":{"self":[{"href":"http:\/\/vitinhhaiduong.com\/index.php?rest_route=\/wp\/v2\/product\/386","targetHints":{"allow":["GET"]}}],"collection":[{"href":"http:\/\/vitinhhaiduong.com\/index.php?rest_route=\/wp\/v2\/product"}],"about":[{"href":"http:\/\/vitinhhaiduong.com\/index.php?rest_route=\/wp\/v2\/types\/product"}],"wp:attachment":[{"href":"http:\/\/vitinhhaiduong.com\/index.php?rest_route=%2Fwp%2Fv2%2Fmedia&parent=386"}],"wp:term":[{"taxonomy":"product_brand","embeddable":true,"href":"http:\/\/vitinhhaiduong.com\/index.php?rest_route=%2Fwp%2Fv2%2Fproduct_brand&post=386"},{"taxonomy":"product_cat","embeddable":true,"href":"http:\/\/vitinhhaiduong.com\/index.php?rest_route=%2Fwp%2Fv2%2Fproduct_cat&post=386"},{"taxonomy":"product_tag","embeddable":true,"href":"http:\/\/vitinhhaiduong.com\/index.php?rest_route=%2Fwp%2Fv2%2Fproduct_tag&post=386"}],"curies":[{"name":"wp","href":"https:\/\/api.w.org\/{rel}","templated":true}]}}