{"id":421,"date":"2022-04-04T17:45:58","date_gmt":"2022-04-04T10:45:58","guid":{"rendered":"https:\/\/vitinhhaiduong.com\/?post_type=product&#038;p=421"},"modified":"2022-04-04T17:45:59","modified_gmt":"2022-04-04T10:45:59","slug":"usb-3-1-samsung-bar-plus-64gb-muf-64be","status":"publish","type":"product","link":"http:\/\/vitinhhaiduong.com\/?product=usb-3-1-samsung-bar-plus-64gb-muf-64be","title":{"rendered":"USB 3.1 Samsung BAR Plus 64GB MUF-64BE"},"content":{"rendered":"<p>&nbsp;<\/p>\n<table border=\"0\">\n<tbody>\n<tr>\n<td><strong>Th\u00f4ng s\u1ed1 k\u0129 thu\u1eadt<\/strong><\/td>\n<\/tr>\n<\/tbody>\n<\/table>\n<table class=\"specTable\" style=\"width: 52.6042%;height: 153px\" border=\"1\" cellpadding=\"1\">\n<tbody>\n<tr style=\"height: 22px\">\n<td class=\"specTopic\" style=\"text-align: left;height: 22px;width: 32.1495%\">H\u00e3ng s\u1ea3n xu\u1ea5t<\/td>\n<td class=\"specDetail\" style=\"text-align: left;height: 22px;width: 39.6282%\"><strong>Samsung<\/strong><\/td>\n<\/tr>\n<tr style=\"height: 22px\">\n<td class=\"specTopic\" style=\"text-align: left;height: 22px;width: 32.1495%\">Model<\/td>\n<td class=\"specDetail\" style=\"text-align: left;height: 22px;width: 39.6282%\">MUF-64BE3<\/td>\n<\/tr>\n<tr style=\"height: 21px\">\n<td class=\"specTopic\" style=\"text-align: left;height: 21px;width: 32.1495%\">Chu\u1ea9n giao ti\u1ebfp<\/td>\n<td class=\"specDetail\" style=\"text-align: left;height: 21px;width: 39.6282%\">USB 3.1 ; 3.0 ; 2.0<\/td>\n<\/tr>\n<tr style=\"height: 22px\">\n<td class=\"specTopic\" style=\"text-align: left;height: 22px;width: 32.1495%\">Dung l\u01b0\u1ee3ng<\/td>\n<td class=\"specDetail\" style=\"text-align: left;height: 22px;width: 39.6282%\">64 GB<\/td>\n<\/tr>\n<tr style=\"height: 22px\">\n<td class=\"specTopic\" style=\"text-align: left;height: 22px;width: 32.1495%\">T\u1ed1c \u0111\u1ed9 \u0111\u1ecdc<\/td>\n<td class=\"specDetail\" style=\"text-align: left;height: 22px;width: 39.6282%\">~150 &#8211; 200 MB\/s<\/td>\n<\/tr>\n<tr style=\"height: 22px\">\n<td class=\"specTopic\" style=\"text-align: left;height: 22px;width: 32.1495%\">T\u1ed1c \u0111\u1ed9 ghi<\/td>\n<td class=\"specDetail\" style=\"text-align: left;height: 22px;width: 39.6282%\">~25 MB\/s<\/td>\n<\/tr>\n<tr style=\"height: 22px\">\n<td class=\"specTopic\" style=\"text-align: left;height: 22px;width: 32.1495%\">B\u1ea3o h\u00e0nh<\/td>\n<td class=\"specDetail\" style=\"text-align: left;height: 22px;width: 39.6282%\"><strong>24 th\u00e1ng<\/strong><\/td>\n<\/tr>\n<\/tbody>\n<\/table>\n<p><img decoding=\"async\" src=\"https:\/\/bizweb.sapocdn.net\/100\/329\/122\/files\/bar-plus-silver-06-jpeg.jpg?v=1540807690822\" width=\"100%\" \/><\/p>\n<table border=\"0\" width=\"100%\" cellpadding=\"0\">\n<tbody>\n<tr>\n<td width=\"100%\"><strong>USB Samsung\u00a0BAR Plus 3.1<\/strong><\/p>\n<p>USB Samsung BAR Plus 3.1\u00a0mang t\u00ednh ch\u1ea5t hi\u1ec7n \u0111\u1ea1i khi \u0111\u01b0\u1ee3c trang b\u1ecb nh\u1eefng c\u00f4ng ngh\u1ec7 m\u1edbi nh\u1ea5t v\u00e0 \u0111\u01b0\u1ee3c thi\u1ebft k\u1ebf trong m\u1ed9t ki\u1ec3u d\u00e1ng c\u1ed5 \u0111i\u1ec3n, h\u00ecnh th\u1ee9c c\u1ef1c\u00a0\u0111\u1eb9p, thi\u1ebft k\u1ebf si\u00eau nh\u1ecf g\u1ecdn. Ngo\u00e0i ra USB Samsung BAR Plus 3.1 c\u00f2n c\u00f3 th\u1ec3 ch\u1ed1ng n\u01b0\u1edbc, ch\u1ed1ng s\u1ed1c, ch\u1ed1ng nhi\u1ec7t \u0111\u1ed9 cao, ch\u1ed1ng t\u1eeb tr\u01b0\u1eddng, v\u00e0 ch\u1ed1ng tia X-Rays. USB Samsung BAR Plus 3.1 c\u00f3 v\u1ecf kim lo\u1ea1i \u0111\u00fac nguy\u00ean kh\u1ed1i\u00a0ch\u1ea5t l\u01b0\u1ee3ng cao gi\u00fap t\u0103ng \u0111\u1ed9 b\u1ec1n, v\u00e0 \u0111\u01b0\u1ee3c thi\u1ebft k\u1ebf r\u1ea5t ti\u1ec7n l\u1ee3i, ch\u1ed1ng tr\u01b0\u1ee3t. B\u1ea1n c\u00f3 th\u1ec3 ho\u00e0n to\u00e0n tin v\u00e0o hi\u1ec7u su\u1ea5t v\u00e0 \u0111\u1ed9 tin c\u1eady c\u1ee7a th\u01b0\u01a1ng hi\u1ec7u b\u1ed9 nh\u1edb Samsung n\u1ed5i ti\u1ebfng kh\u1eafp th\u1ebf gi\u1edbi.<\/td>\n<\/tr>\n<\/tbody>\n<\/table>\n<table style=\"width: 100%\" border=\"0\" width=\"100%\" cellpadding=\"0\">\n<tbody>\n<tr>\n<td style=\"width: 32.2975%\" width=\"30%\"><img decoding=\"async\" src=\"https:\/\/bizweb.sapocdn.net\/100\/329\/122\/files\/bar-plus-silver-08-jpeg.jpg?v=1540807994863\" width=\"100%\" \/><\/td>\n<td style=\"width: 67.7025%\" width=\"70%\"><strong>Thi\u1ebft k\u1ebf kim lo\u1ea1i c\u1ee9ng c\u00e1p<\/strong><\/p>\n<p>USB Samsung BAR Plus 3.1 \u0111\u01b0\u1ee3c l\u00e0m b\u1eb1ng v\u1ecf kim lo\u1ea1i nguy\u00ean kh\u1ed1i c\u1ef1c k\u1ef3 ki\u1ebfn c\u1ed1 v\u00e0\u00a0thi\u1ebft k\u1ebf r\u1ea5t tinh t\u1ebf v\u1edbi ki\u1ec3u d\u00e1ng \u0111\u1eb9p, m\u1ed9t s\u1ef1 k\u1ebft h\u1ee3p ho\u00e0n h\u1ea3o gi\u1eefa h\u00ecnh th\u1ee9c b\u00ean ngo\u00e0i v\u00e0 hi\u1ec7u su\u1ea5t b\u00ean trong. Nh\u1eefng \u0111\u01b0\u1eddng n\u00e9t s\u1eafc c\u1ea1nh c\u0169ng nh\u01b0 nh\u1eefng v\u1ecb tr\u00ed \u0111\u01b0\u1ee3c bo tr\u00f2n m\u1ed9t c\u00e1ch h\u1ee3p l\u00fd, ngo\u00e0i ra USB Samsung BAR 3.0 c\u00f2n \u0111\u01b0\u1ee3c thi\u1ebft k\u1ebf 1 l\u1ed7 v\u00f2ng tr\u00f2n cho ph\u00e9p b\u1ea1n c\u00f3 th\u1ec3 m\u00f3c v\u00e0o ch\u00f9m ch\u00eca kh\u00f3a r\u1ea5t ti\u1ec7n l\u1ee3i v\u00e0 kh\u00f4ng s\u1ee3 b\u1ecb m\u1ea5t.<\/td>\n<\/tr>\n<\/tbody>\n<\/table>\n<table style=\"width: 100%\" border=\"0\" width=\"100%\" cellpadding=\"0\">\n<tbody>\n<tr>\n<td style=\"width: 66.3724%\" width=\"70%\"><strong>Hi\u1ec7u su\u1ea5t si\u00eau cao<\/strong><\/p>\n<p>V\u1edbi nhu c\u1ea7u v\u00e0 s\u1ef1 ph\u00e1t tri\u1ec3n c\u1ee7a c\u00f4ng ngh\u1ec7 l\u01b0u tr\u1eef, Samsung ra m\u1eaft th\u1ebf h\u1ec7 USB chu\u1ea9n giao ti\u1ebfp t\u1ed1c \u0111\u1ed9 cao USB 3.1\u00a0m\u1edbi nh\u1ea5t cho t\u1ed1c \u0111\u1ed9 truy\u1ec1n d\u1eef li\u1ec7u si\u00eau nhanh v\u00e0 kh\u1ea3 n\u0103ng t\u01b0\u01a1ng th\u00edch ng\u01b0\u1ee3c v\u1edbi chu\u1ea9n USB 2.0.<\/td>\n<td style=\"width: 33.6276%\" width=\"30%\"><img decoding=\"async\" src=\"https:\/\/bizweb.sapocdn.net\/100\/329\/122\/files\/bar-plus-silver-07-jpeg.jpg?v=1540808578650\" width=\"100%\" \/><\/td>\n<\/tr>\n<\/tbody>\n<\/table>\n<table style=\"width: 100%\" border=\"0\" width=\"100%\" cellpadding=\"0\">\n<tbody>\n<tr>\n<td style=\"width: 32.1765%\" width=\"30%\"><img decoding=\"async\" src=\"https:\/\/bizweb.sapocdn.net\/100\/329\/122\/files\/bar-plus-silver-10.jpg?v=1540808547225\" width=\"100%\" \/><\/td>\n<td style=\"width: 67.8235%\" width=\"70%\"><strong>\u0110\u1ed9 ch\u1ecbu \u0111\u1ef1ng cao<\/strong><\/p>\n<p>Samsung n\u1ed5i ti\u1ebfng v\u1edbi kh\u1ea3 n\u0103ng b\u1ea3o v\u1ec7 d\u1eef li\u1ec7u c\u1ee7a b\u1ea1n r\u1ea5t an to\u00e0n. USB Samsung BAR Plus 3.1 s\u1eed d\u1ee5ng c\u00f4ng ngh\u1ec7 NAND flash v\u1edbi ch\u1ebf \u0111\u1ed9 b\u1ea3o h\u00e0nh 2 n\u0103m, v\u00e0 kh\u1ea3 n\u0103ng ch\u1ecbu \u0111\u1ef1ng nh\u1eefng m\u00f4i tr\u01b0\u1eddng kh\u1eafc nghi\u1ec7t r\u1ea5t cao: ch\u1ed1ng n\u01b0\u1edbc, ch\u1ed1ng s\u1ed1c, ch\u1ed1ng nhi\u1ec7t \u0111\u1ed9 cao, ch\u1ed1ng t\u1eeb tr\u01b0\u1eddng, ch\u1ed1ng tia X-Ray. \u0110\u00f3 ch\u00ednh l\u00e0 ch\u1ea5t l\u01b0\u1ee3ng m\u00e0 b\u1ea1n \u0111\u00e3 mong \u0111\u1ee3i t\u1eeb th\u01b0\u01a1ng hi\u1ec7u Samsung n\u1ed5i ti\u1ebfng th\u1ebf gi\u1edbi.<\/td>\n<\/tr>\n<\/tbody>\n<\/table>\n<p><img decoding=\"async\" src=\"https:\/\/bizweb.sapocdn.net\/100\/329\/122\/files\/bar-plus-silver-09-jpeg.jpg?v=1540808743255\" width=\"100%\" \/><\/p>\n","protected":false},"excerpt":{"rendered":"<ul>\n<li>Lo\u1ea1i s\u1ea3n ph\u1ea9m: USB 3.1<\/li>\n<li>Dung l\u01b0\u1ee3ng: 64\u00a0GB<\/li>\n<li>Ch\u1ea5t li\u1ec7u: Kim lo\u1ea1i<\/li>\n<li>T\u1ed1c \u0111\u1ed9 \u0111\u1ecdc: 150~200 MB\/s<\/li>\n<li>B\u1ea3o h\u00e0nh: 2 n\u0103m<\/li>\n<li>Giao h\u00e0ng t\u1eadn n\u01a1i to\u00e0n qu\u1ed1c<\/li>\n<\/ul>\n","protected":false},"featured_media":0,"template":"","meta":[],"product_brand":[],"product_cat":[41],"product_tag":[201,199,200],"class_list":{"0":"post-421","1":"product","2":"type-product","3":"status-publish","5":"product_cat-thiet-bi-tin-hoc-khac","6":"product_tag-usb-64gb","7":"product_tag-usb-du-lieu","8":"product_tag-usb-samsung","10":"first","11":"instock","12":"shipping-taxable","13":"purchasable","14":"product-type-simple"},"jetpack_sharing_enabled":true,"_links":{"self":[{"href":"http:\/\/vitinhhaiduong.com\/index.php?rest_route=\/wp\/v2\/product\/421","targetHints":{"allow":["GET"]}}],"collection":[{"href":"http:\/\/vitinhhaiduong.com\/index.php?rest_route=\/wp\/v2\/product"}],"about":[{"href":"http:\/\/vitinhhaiduong.com\/index.php?rest_route=\/wp\/v2\/types\/product"}],"wp:attachment":[{"href":"http:\/\/vitinhhaiduong.com\/index.php?rest_route=%2Fwp%2Fv2%2Fmedia&parent=421"}],"wp:term":[{"taxonomy":"product_brand","embeddable":true,"href":"http:\/\/vitinhhaiduong.com\/index.php?rest_route=%2Fwp%2Fv2%2Fproduct_brand&post=421"},{"taxonomy":"product_cat","embeddable":true,"href":"http:\/\/vitinhhaiduong.com\/index.php?rest_route=%2Fwp%2Fv2%2Fproduct_cat&post=421"},{"taxonomy":"product_tag","embeddable":true,"href":"http:\/\/vitinhhaiduong.com\/index.php?rest_route=%2Fwp%2Fv2%2Fproduct_tag&post=421"}],"curies":[{"name":"wp","href":"https:\/\/api.w.org\/{rel}","templated":true}]}}