{"id":445,"date":"2022-04-07T10:23:14","date_gmt":"2022-04-07T03:23:14","guid":{"rendered":"https:\/\/vitinhhaiduong.com\/?post_type=product&#038;p=445"},"modified":"2022-04-07T10:23:14","modified_gmt":"2022-04-07T03:23:14","slug":"laptop-cu-hp-15-ac152tu-core-i3-5005u","status":"publish","type":"product","link":"http:\/\/vitinhhaiduong.com\/?product=laptop-cu-hp-15-ac152tu-core-i3-5005u","title":{"rendered":"Laptop c\u0169 HP 15 AC152TU Core i3-5005U"},"content":{"rendered":"<h2>Th\u00f4ng s\u1ed1 k\u0129 thu\u1eadt<\/h2>\n<div class=\"slider-parameter owl-carousel\">\n<div class=\"img\"><img decoding=\"async\" src=\"https:\/\/cdn.tgdd.vn\/Products\/Images\/44\/73295\/Kit\/hp-15-ac152tu-i3-5005u-4gb-500gb-win10-mo-ta-chuc-nang.jpg\" alt=\"HP 15 ac152TU i3 5005U\/4GB\/500GB\/Win10\" \/><\/div>\n<\/div>\n<div class=\"content-t-wrap\">\n<div class=\"parameter-all\">\n<div class=\"parameter-item\">\n<p class=\"parameter-ttl\" data-group-id=\"32\" data-index=\"1\">B\u1ed9 x\u1eed l\u00fd: CPU Intel Core i3 &#8211; <span class=\"\">5005U ,<\/span>T\u1ed1c \u0111\u1ed9 CPU: <span class=\"\">2.00 GHz<\/span><\/p>\n<\/div>\n<div class=\"parameter-item\">\n<p class=\"parameter-ttl\" data-group-id=\"34\" data-index=\"3\">B\u1ed9 nh\u1edb RAM, \u1ed4 c\u1ee9ng<\/p>\n<ul class=\"ulist \">\n<li data-id=\"146\" data-group-id=\"34\" data-index=\"1\">\n<div class=\"ctLeft\">\n<p>RAM: 4 GB<\/p>\n<\/div>\n<\/li>\n<li data-id=\"149\" data-group-id=\"34\" data-index=\"2\">\n<div class=\"ctLeft\">\n<p>Lo\u1ea1i RAM: DDR3L (2 khe RAM)<\/p>\n<\/div>\n<\/li>\n<li data-id=\"155\" data-group-id=\"34\" data-index=\"3\">\n<div class=\"ctLeft\">\n<p>T\u1ed1c \u0111\u1ed9 Bus RAM: 1600 MHz<\/p>\n<\/div>\n<\/li>\n<li data-id=\"137\" data-group-id=\"34\" data-index=\"4\">\n<div class=\"ctLeft\">\n<p>H\u1ed7 tr\u1ee3 RAM t\u1ed1i \u0111a: 8 GB<\/p>\n<\/div>\n<\/li>\n<li data-id=\"137\" data-group-id=\"34\" data-index=\"4\">\u1ed4 c\u1ee9ng SSD 128 GB<\/li>\n<\/ul>\n<\/div>\n<div class=\"parameter-item\">\n<p class=\"parameter-ttl\" data-group-id=\"52\" data-index=\"4\">M\u00e0n h\u00ecnh<\/p>\n<ul class=\"ulist \">\n<li data-id=\"187\" data-group-id=\"52\" data-index=\"1\">\n<div class=\"ctLeft\">\n<p>M\u00e0n h\u00ecnh: 15.6 inch<\/p>\n<\/div>\n<\/li>\n<li data-id=\"189\" data-group-id=\"52\" data-index=\"2\">\n<div class=\"ctLeft\">\n<p>\u0110\u1ed9 ph\u00e2n gi\u1ea3i: HD (1366 x 768)<\/p>\n<\/div>\n<\/li>\n<li data-id=\"186\" data-group-id=\"52\" data-index=\"4\">\n<div class=\"ctLeft\">\n<p>C\u00f4ng ngh\u1ec7 m\u00e0n h\u00ecnh: HD BrightView LED-backlit<\/p>\n<\/div>\n<\/li>\n<\/ul>\n<\/div>\n<div class=\"parameter-item\">\n<p class=\"parameter-ttl\" data-group-id=\"53\" data-index=\"6\">\u0110\u1ed3 h\u1ecda v\u00e0 \u00c2m thanh<\/p>\n<ul class=\"ulist \">\n<li data-id=\"28123\" data-group-id=\"53\" data-index=\"0\">\n<div class=\"ctLeft\">\n<p>Card m\u00e0n h\u00ecnh: Card t\u00edch h\u1ee3p\u00a0&#8211;\u00a0Intel HD Graphics 5500<\/p>\n<\/div>\n<\/li>\n<li data-id=\"196\" data-group-id=\"53\" data-index=\"3\">\n<div class=\"ctLeft\">\n<p>C\u00f4ng ngh\u1ec7 \u00e2m thanh: Combo Microphone &amp; Headphone<\/p>\n<\/div>\n<\/li>\n<\/ul>\n<\/div>\n<div class=\"parameter-item\">\n<p class=\"parameter-ttl\" data-group-id=\"56\" data-index=\"7\">C\u1ed5ng k\u1ebft n\u1ed1i &amp; t\u00ednh n\u0103ng m\u1edf r\u1ed9ng<\/p>\n<ul class=\"ulist \">\n<li data-id=\"200\" data-group-id=\"56\" data-index=\"1\">\n<div class=\"ctLeft\">\n<p>C\u1ed5ng giao ti\u1ebfp:<\/p>\n<\/div>\n<div class=\"ctRight\">\n<p class=\"circle\">2 x USB 2.0<\/p>\n<p class=\"circle\">HDMI<\/p>\n<p class=\"circle\">LAN (RJ45)<\/p>\n<p class=\"circle\">USB 3.0<\/p>\n<\/div>\n<\/li>\n<li data-id=\"206\" data-group-id=\"56\" data-index=\"4\">\n<div class=\"ctLeft\">\n<p>K\u1ebft n\u1ed1i kh\u00f4ng d\u00e2y: Bluetooth 4.0<\/p>\n<\/div>\n<\/li>\n<li data-id=\"218\" data-group-id=\"56\" data-index=\"5\">\n<div class=\"ctLeft\">\n<p>Khe \u0111\u1ecdc th\u1ebb nh\u1edb:<\/p>\n<\/div>\n<div class=\"ctRight\">\n<p class=\"circle\">SD<\/p>\n<p class=\"circle\">SDHC<\/p>\n<p class=\"circle\">SDXC<\/p>\n<\/div>\n<\/li>\n<li data-id=\"223\" data-group-id=\"56\" data-index=\"7\">\n<div class=\"ctLeft\">\n<p>Webcam: HP TrueVision Webcam<\/p>\n<\/div>\n<\/li>\n<li data-id=\"201\" data-group-id=\"56\" data-index=\"9\">\n<div class=\"ctLeft\">\n<p>T\u00ednh n\u0103ng kh\u00e1c: HP ProtectSmartHP CoolSense<\/p>\n<\/div>\n<\/li>\n<\/ul>\n<\/div>\n<div class=\"parameter-item\">\n<p class=\"parameter-ttl\" data-group-id=\"62\" data-index=\"15\">K\u00edch th\u01b0\u1edbc &amp; tr\u1ecdng l\u01b0\u1ee3ng<\/p>\n<ul class=\"ulist \">\n<li data-id=\"7779\" data-group-id=\"62\" data-index=\"1\">\n<div class=\"ctLeft\"><\/div>\n<div class=\"ctRight\"><span class=\"\"> N\u1eb7ng 2.14 kg<\/span><\/div>\n<\/li>\n<li data-id=\"7903\" data-group-id=\"62\" data-index=\"20\">\n<div class=\"ctLeft\">\n<p>Ch\u1ea5t li\u1ec7u: V\u1ecf nh\u1ef1a<\/p>\n<\/div>\n<\/li>\n<\/ul>\n<\/div>\n<div class=\"parameter-item\">\n<p class=\"parameter-ttl\" data-group-id=\"60\" data-index=\"16\">Th\u00f4ng tin kh\u00e1c<\/p>\n<ul class=\"ulist \">\n<li data-id=\"228\" data-group-id=\"60\" data-index=\"2\">\n<div class=\"ctLeft\">\n<p>Th\u00f4ng tin Pin: 4-cell Li-ion<\/p>\n<\/div>\n<\/li>\n<li data-id=\"8599\" data-group-id=\"60\" data-index=\"3\">\n<div class=\"ctLeft\">\n<p>H\u1ec7 \u0111i\u1ec1u h\u00e0nh: Windows 10 Pro 64 bit<\/p>\n<\/div>\n<\/li>\n<\/ul>\n<\/div>\n<\/div>\n<\/div>\n<h2>HP 15 AC152TU i3 5005U \u0111\u01b0\u1ee3c h\u01b0\u1edbng t\u1edbi \u0111\u1ed1i t\u01b0\u1ee3ng h\u1ecdc sinh, sinh vi\u00ean hay gi\u1edbi v\u0103n ph\u00f2ng m\u00e0 kh\u00f4ng c\u1ea7n m\u1ed9t c\u1ea5u h\u00ecnh qu\u00e1 m\u1ea1nh.<\/h2>\n<h3><strong>C\u1ea5u h\u00ecnh kh\u00e1 v\u1edbi chip Broadwell<\/strong><\/h3>\n<p>M\u1eb7c d\u00f9 v\u1eabn s\u1eed d\u1ee5ng chip x\u1eed l\u00fd core i3 nh\u01b0ng v\u1edbi th\u1ebf h\u1ec7 th\u1ee9 5\u00a0Broadwell\u00a0s\u1ebd cho t\u1ed1c \u0111\u1ed9 x\u1eed l\u00fd t\u1ed1t h\u01a1n.<\/p>\n<p>RAM 4 GB, trang b\u1ecb 2 khe g\u1eafn RAM v\u00e0 c\u00f3 th\u1ec3 n\u00e2ng c\u1ea5p t\u1ed1i \u0111a 8 GB.\u00a0B\u1ea1n c\u00f3 th\u1ec3 ch\u01a1i \u0111\u01b0\u1ee3c c\u00e1c game nh\u01b0 Fifa, \u0110\u1ed9t k\u00edch&#8230; nh\u01b0ng n\u00ean t\u1eaft c\u00e1c \u1ee9ng d\u1ee5ng kh\u00e1c \u0111\u1ec3 tr\u00e1nh m\u00e1y b\u1ecb lag hay ch\u1eadm.<\/p>\n<p>Card m\u00e0n h\u00ecnh\u00a0Graphics 5500\u00a0gi\u00fap h\u00ecnh \u1ea3nh khi ch\u01a1i game \u0111\u01b0\u1ee3c m\u01b0\u1ee3t h\u01a1n v\u00e0 \u0111\u1eb9p h\u01a1n.<\/p>\n<p><img decoding=\"async\" class=\" ls-is-cached lazyloaded\" title=\"C\u1ea5u h\u00ecnh kh\u00e1 v\u1edbi chip Broadwell\" src=\"https:\/\/cdn.tgdd.vn\/Products\/Images\/44\/73295\/hp-15-ac152tu-i3-5005u-4gb-500gb-win10-8.jpg\" alt=\"C\u1ea5u h\u00ecnh kh\u00e1 v\u1edbi chip Broadwell\" data-src=\"https:\/\/cdn.tgdd.vn\/Products\/Images\/44\/73295\/hp-15-ac152tu-i3-5005u-4gb-500gb-win10-8.jpg\" \/><\/p>\n<h3><strong>M\u00e0n h\u00ecnh mang l\u1ea1i kh\u00f4ng gian gi\u1ea3i tr\u00ed tho\u1ea3i m\u00e1i<\/strong><\/h3>\n<p>\u0110\u01b0\u1ee3c trang b\u1ecb m\u00e0n h\u00ecnh l\u1edbn l\u00ean \u0111\u1ebfn 15.6 inch n\u00ean b\u1ea1n c\u00f3 th\u1ec3 tho\u1ea3i m\u00e1i gi\u1ea3i tr\u00ed xem phim, l\u01b0\u1edbt web, h\u1ecdc t\u1eadp hay l\u00e0m vi\u1ec7c \u0111\u1ec1u r\u1ea5t t\u1ed1t.<\/p>\n<p>Ngo\u00e0i ra, v\u1edbi c\u00f4ng ngh\u1ec7\u00a0HD BrightView LED-backlit\u00a0c\u00f3 \u01b0u \u0111i\u1ec3m v\u1eeba cho h\u00ecnh \u1ea3nh hi\u1ec3n th\u1ecb \u0111\u1eb9p h\u01a1n m\u00e0 c\u00f2n gi\u00fap ti\u1ebft ki\u1ec7m \u0111i\u1ec7n n\u0103ng cho m\u00e1y.<\/p>\n<p><img decoding=\"async\" class=\" ls-is-cached lazyloaded\" title=\"M\u00e0n h\u00ecnh mang l\u1ea1i kh\u00f4ng gian gi\u1ea3i tr\u00ed tho\u1ea3i m\u00e1i\" src=\"https:\/\/cdn.tgdd.vn\/Products\/Images\/44\/73295\/hp-15-ac152tu-i3-5005u-4gb-500gb-win10-2-1.jpg\" alt=\"M\u00e0n h\u00ecnh mang l\u1ea1i kh\u00f4ng gian gi\u1ea3i tr\u00ed tho\u1ea3i m\u00e1i\" data-src=\"https:\/\/cdn.tgdd.vn\/Products\/Images\/44\/73295\/hp-15-ac152tu-i3-5005u-4gb-500gb-win10-2-1.jpg\" \/><\/p>\n<h3><strong>Trang b\u1ecb b\u00e0n ph\u00edm s\u1ed1 ri\u00eang bi\u1ec7t<\/strong><\/h3>\n<p>Thu\u1eadn ti\u1ec7n cho nh\u1eefng ng\u01b0\u1eddi hay l\u00e0m vi\u1ec7c v\u1edbi c\u00e1c con s\u1ed1 th\u01b0\u1eddng xuy\u00ean.<\/p>\n<p><img decoding=\"async\" class=\" ls-is-cached lazyloaded\" title=\"Trang b\u1ecb b\u00e0n ph\u00edm s\u1ed1 ri\u00eang bi\u1ec7t\" src=\"https:\/\/cdn.tgdd.vn\/Products\/Images\/44\/73295\/hp-15-ac152tu-i3-5005u-4gb-500gb-win10-6-1.jpg\" alt=\"Trang b\u1ecb b\u00e0n ph\u00edm s\u1ed1 ri\u00eang bi\u1ec7t\" data-src=\"https:\/\/cdn.tgdd.vn\/Products\/Images\/44\/73295\/hp-15-ac152tu-i3-5005u-4gb-500gb-win10-6-1.jpg\" \/><\/p>\n<h3><strong>Duy tr\u00ec nhi\u1ec7t \u0111\u1ed9 \u1ed5n \u0111\u1ecbnh v\u1edbi c\u00f4ng ngh\u1ec7 HP CoolSense<\/strong><\/h3>\n<p>M\u00e1y s\u1ebd t\u1ef1 \u0111\u1ed9ng \u0111i\u1ec1u ch\u1ec9nh nhi\u1ec7t \u0111\u1ed9 \u0111\u1ec3 gi\u00fap m\u00e1y kh\u00f4ng qu\u00e1 n\u00f3ng trong qu\u00e1 tr\u00ecnh s\u1eed d\u1ee5ng th\u1eddi gian d\u00e0i.<\/p>\n<p><img decoding=\"async\" class=\" lazyloaded\" title=\"Duy tr\u00ec nhi\u1ec7t \u0111\u1ed9 \u1ed5n \u0111\u1ecbnh v\u1edbi c\u00f4ng ngh\u1ec7 HP CoolSense\" src=\"https:\/\/cdn.tgdd.vn\/Products\/Images\/44\/73295\/hp-15-ac152tu-i3-5005u-4gb-500gb-win10-4-1.jpg\" alt=\"Duy tr\u00ec nhi\u1ec7t \u0111\u1ed9 \u1ed5n \u0111\u1ecbnh v\u1edbi c\u00f4ng ngh\u1ec7 HP CoolSense\" data-src=\"https:\/\/cdn.tgdd.vn\/Products\/Images\/44\/73295\/hp-15-ac152tu-i3-5005u-4gb-500gb-win10-4-1.jpg\" \/><\/p>\n<h3><strong>T\u00ednh n\u0103ng HP Protectsmart<\/strong><\/h3>\n<p>M\u00e1y s\u1ebd t\u1ef1 \u0111\u1ed9ng nh\u1eadn bi\u1ebft c\u00e1c rung \u0111\u1ed9ng l\u1edbn b\u1ea5t ch\u1ee3t \u0111\u1ec3 ng\u01b0ng ch\u1ea1y \u1ed5 \u0111\u0129a, gi\u00fap b\u1ea3o v\u1ec7 m\u00e1y t\u1ed1t h\u01a1n.<\/p>\n<p><img decoding=\"async\" class=\" lazyloaded\" title=\"T\u00ednh n\u0103ng HP Protectsmart\" src=\"https:\/\/cdn.tgdd.vn\/Products\/Images\/44\/73295\/hp-15-ac152tu-i3-5005u-4gb-500gb-win10-10.jpg\" alt=\"T\u00ednh n\u0103ng HP Protectsmart\" data-src=\"https:\/\/cdn.tgdd.vn\/Products\/Images\/44\/73295\/hp-15-ac152tu-i3-5005u-4gb-500gb-win10-10.jpg\" \/><\/p>\n<h3><strong>\u0110\u1ea7y \u0111\u1ee7 c\u00e1c c\u1ed5ng k\u1ebft n\u1ed1i<\/strong><\/h3>\n<p><img decoding=\"async\" class=\" lazyloaded\" title=\"\u0110\u1ea7y \u0111\u1ee7 c\u00e1c c\u1ed5ng k\u1ebft n\u1ed1i\" src=\"https:\/\/cdn.tgdd.vn\/Products\/Images\/44\/73295\/hp-15-ac152tu-i3-5005u-4gb-500gb-win10-9.jpg\" alt=\"\u0110\u1ea7y \u0111\u1ee7 c\u00e1c c\u1ed5ng k\u1ebft n\u1ed1i\" data-src=\"https:\/\/cdn.tgdd.vn\/Products\/Images\/44\/73295\/hp-15-ac152tu-i3-5005u-4gb-500gb-win10-9.jpg\" \/><\/p>\n<p>M\u00e1y s\u1eed d\u1ee5ng h\u1ec7 \u0111i\u1ec1u h\u00e0nh b\u1ea3n quy\u1ec1n Windows 10 v\u1edbi nhi\u1ec1u ti\u1ec7n \u00edch \u0111\u01b0\u1ee3c c\u1ea3i thi\u1ec7n.<\/p>\n<h3><strong>Thi\u1ebft k\u1ebf m\u00e1y\u00a0HP 15 ac152TU i3 5005U<\/strong><\/h3>\n<p><img decoding=\"async\" class=\" lazyloaded\" title=\"N\u1eafp m\u00e1y s\u1eed d\u1ee5ng m\u00e0u b\u1ea1c, n\u1ed5i b\u1eadt so v\u1edbi nhi\u1ec1u h\u00e3ng kh\u00e1c v\u1edbi t\u00f4ng m\u00e0u \u0111en truy\u1ec1n th\u1ed1ng\" src=\"https:\/\/cdn.tgdd.vn\/Products\/Images\/44\/73295\/hp-15-ac152tu-i3-5005u-4gb-500gb-win10-1-1.jpg\" alt=\"N\u1eafp m\u00e1y s\u1eed d\u1ee5ng m\u00e0u b\u1ea1c, n\u1ed5i b\u1eadt so v\u1edbi nhi\u1ec1u h\u00e3ng kh\u00e1c v\u1edbi t\u00f4ng m\u00e0u \u0111en truy\u1ec1n th\u1ed1ng\" data-src=\"https:\/\/cdn.tgdd.vn\/Products\/Images\/44\/73295\/hp-15-ac152tu-i3-5005u-4gb-500gb-win10-1-1.jpg\" \/><\/p>\n<p><i>N\u1eafp m\u00e1y s\u1eed d\u1ee5ng m\u00e0u b\u1ea1c, n\u1ed5i b\u1eadt so v\u1edbi nhi\u1ec1u h\u00e3ng kh\u00e1c v\u1edbi t\u00f4ng m\u00e0u \u0111en truy\u1ec1n th\u1ed1ng<\/i><\/p>\n<p><img decoding=\"async\" class=\" lazyloaded\" title=\"\u200b2 c\u1ea1nh b\u00ean\" src=\"https:\/\/cdn.tgdd.vn\/Products\/Images\/44\/73295\/hp-15-ac152tu-i3-5005u-4gb-500gb-win10-3-1.jpg\" alt=\"\u200b2 c\u1ea1nh b\u00ean\" data-src=\"https:\/\/cdn.tgdd.vn\/Products\/Images\/44\/73295\/hp-15-ac152tu-i3-5005u-4gb-500gb-win10-3-1.jpg\" \/><\/p>\n<p><img decoding=\"async\" class=\" lazyloaded\" title=\"\u200b2 c\u1ea1nh b\u00ean\" src=\"https:\/\/cdn.tgdd.vn\/Products\/Images\/44\/73295\/hp-15-ac152tu-i3-5005u-4gb-500gb-win10-5-1.jpg\" alt=\"\u200b2 c\u1ea1nh b\u00ean\" data-src=\"https:\/\/cdn.tgdd.vn\/Products\/Images\/44\/73295\/hp-15-ac152tu-i3-5005u-4gb-500gb-win10-5-1.jpg\" \/><\/p>\n<p><i>2 c\u1ea1nh b\u00ean<\/i><\/p>\n","protected":false},"excerpt":{"rendered":"<p>CPU:Core i3-5005U<br \/>\nRAM: 4GB DDR3L 1600Mhz<br \/>\n\u1ed4 c\u1ee9ng: SSD 128GB<br \/>\nCard \u0111\u1ed3 h\u1ecda: Intel HD Graphics 5500<br \/>\nM\u00e0n h\u00ecnh: 15.6Inch HD<br \/>\nB\u1ea3o h\u00e0nh 3 Th\u00e1ng<br \/>\nGiao h\u00e0ng t\u1eadn n\u01a1i to\u1ea3n qu\u1ed1c<\/p>\n","protected":false},"featured_media":0,"template":"","meta":[],"product_brand":[],"product_cat":[43],"product_tag":[55,170,217,215,216],"class_list":{"0":"post-445","1":"product","2":"type-product","3":"status-publish","5":"product_cat-laptop-may-tinh-xach-tay","6":"product_tag-laptop-ben-tre","7":"product_tag-laptop-cai-mon","8":"product_tag-laptop-cho-lach","9":"product_tag-laptop-cu-hp","10":"product_tag-laptop-hp","12":"first","13":"instock","14":"shipping-taxable","15":"purchasable","16":"product-type-simple"},"jetpack_sharing_enabled":true,"_links":{"self":[{"href":"http:\/\/vitinhhaiduong.com\/index.php?rest_route=\/wp\/v2\/product\/445","targetHints":{"allow":["GET"]}}],"collection":[{"href":"http:\/\/vitinhhaiduong.com\/index.php?rest_route=\/wp\/v2\/product"}],"about":[{"href":"http:\/\/vitinhhaiduong.com\/index.php?rest_route=\/wp\/v2\/types\/product"}],"wp:attachment":[{"href":"http:\/\/vitinhhaiduong.com\/index.php?rest_route=%2Fwp%2Fv2%2Fmedia&parent=445"}],"wp:term":[{"taxonomy":"product_brand","embeddable":true,"href":"http:\/\/vitinhhaiduong.com\/index.php?rest_route=%2Fwp%2Fv2%2Fproduct_brand&post=445"},{"taxonomy":"product_cat","embeddable":true,"href":"http:\/\/vitinhhaiduong.com\/index.php?rest_route=%2Fwp%2Fv2%2Fproduct_cat&post=445"},{"taxonomy":"product_tag","embeddable":true,"href":"http:\/\/vitinhhaiduong.com\/index.php?rest_route=%2Fwp%2Fv2%2Fproduct_tag&post=445"}],"curies":[{"name":"wp","href":"https:\/\/api.w.org\/{rel}","templated":true}]}}