{"id":235,"date":"2022-02-23T08:39:50","date_gmt":"2022-02-23T01:39:50","guid":{"rendered":"https:\/\/vitinhhaiduong.com\/?post_type=product&#038;p=235"},"modified":"2022-02-23T08:43:41","modified_gmt":"2022-02-23T01:43:41","slug":"mainboard-asus-tuf-b450-pro-gaming-amd-b450-socket-am4-atx-4-khe-ram-ddr4","status":"publish","type":"product","link":"https:\/\/vitinhhaiduong.com\/?product=mainboard-asus-tuf-b450-pro-gaming-amd-b450-socket-am4-atx-4-khe-ram-ddr4","title":{"rendered":"Mainboard ASUS TUF B450-PRO GAMING (AMD B450, Socket AM4, ATX, 4 khe RAM DDR4)"},"content":{"rendered":"<div id=\"mainframe\">\n<div class=\"container\">\n<div id=\"maincontent\">\n<div class=\"page_content\">\n<div id=\"product_content_detail\" class=\"row\">\n<div id=\"product_left\" class=\"col-md-12 col-xs-12\">\n<div role=\"tabpanel\">\n<div class=\"tab-content\">\n<div id=\"chitiet\" class=\"tab-pane active\" role=\"tabpanel\">\n<h2><strong>Th\u00f4ng s\u1ed1 k\u1ef9 thu\u1eadt :<\/strong><\/h2>\n<div class=\"scroll-table\">\n<table id=\"tblGeneralAttribute\" class=\"table table-bordered\" style=\"width: 100%;height: 3314px\" border=\"1\" cellspacing=\"0\" cellpadding=\"3\">\n<tbody>\n<tr class=\"row-info\">\n<td style=\"width: 83.5938px\">CPU<\/td>\n<td style=\"width: 725.406px\">AMD Socket AM4 AMD Ryzen\u2122 th\u1ebf h\u1ec7 th\u1ee9 2\/Ryzen\u2122 v\u1edbi card \u0111\u1ed3 h\u1ecda Radeon\u2122 Vega Graphics\/Ryzen\u2122 th\u1ebf h\u1ec7 th\u1ee9 nh\u1ea5t\/Athlon\u2122 with Radeon\u2122 Vega Graphics b\u1ed9 vi x\u1eed l\u00fd<br \/>\nH\u1ed7 tr\u1ee3 CPU l\u00ean \u0111\u1ebfn 8\u00a0 l\u00f5i<\/td>\n<\/tr>\n<tr class=\"row-info\">\n<td style=\"width: 83.5938px\">Chipset<\/td>\n<td style=\"width: 725.406px\">AMD B450<\/td>\n<\/tr>\n<tr class=\"row-info\">\n<td style=\"width: 83.5938px\">\n<h2><span style=\"font-size: 16px\">B\u1ed9 nh\u1edb<\/span><\/h2>\n<\/td>\n<td style=\"width: 725.406px\">4 x DIMM, Max. 64GB, DDR4 3533(O.C)\/3466(O.C.)\/3200(O.C.)\/3000(O.C.)\/2800(O.C.)\/2666\/2400\/2133 MHz Kh\u00f4ng \u0110\u1ec7m B\u1ed9 nh\u1edb<br \/>\n<strong>AMD Ryzen\u2122 2nd Generation\/ Ryzen\u2122 with Radeon\u2122 Vega Graphics\/ Athlon\u2122 with Radeon\u2122 Vega Graphics\/ Ryzen\u2122 1st Generation Processors<\/strong><br \/>\nKi\u1ebfn tr\u00fac b\u1ed9 nh\u1edb K\u00eanh \u0111\u00f4i<br \/>\nH\u1ed7 tr\u1ee3 b\u1ed9 nh\u1edb (ch\u1ebf \u0111\u1ed9 ECC) thay \u0111\u1ed5i theo CPU.<br \/>\n* H\u1ed7 tr\u1ee3 Hyper DIMM cho \u0111\u1eb7c t\u00ednh ri\u00eang c\u1ee7a t\u1eebng CPU.<\/td>\n<\/tr>\n<tr class=\"row-info\">\n<td style=\"width: 83.5938px\">\n<h2><span style=\"font-size: 16px\">\u0110\u1ed3 h\u1ecda<\/span><\/h2>\n<\/td>\n<td style=\"width: 725.406px\">Integrated Graphics in the AMD Ryzen\u2122 with Radeon\u2122 Vega Graphics\/ Athlon\u2122 with Radeon\u2122 Vega Graphics Processors<br \/>\nh\u1ed7 tr\u1ee3 \u0111\u1ea7u ra Multi- VGA : c\u1ed5ng HDMI\/DVI-D<br \/>\n&#8211; H\u1ed7 tr\u1ee3 DVI-D, h\u1ec7 ph\u00e2n gi\u1ea3i cao nh\u1ea5t l\u00ean \u0111\u1ebfn 1920\u00a0 x 1200\u00a0 @ 60\u00a0Hz<br \/>\n&#8211; H\u1ed7 tr\u1ee3 HDMI 2.0b v\u1edbi \u0111\u1ed9 ph\u00e2n gi\u1ea3i t\u1ed1i \u0111a 4096\u00a0 x 2160\u00a0 @ 60\u00a0 Hz<\/td>\n<\/tr>\n<tr>\n<td style=\"width: 83.5938px\">H\u1ed7 tr\u1ee3 Multi-GPU<\/td>\n<td style=\"width: 725.406px\">H\u1ed7 tr\u1ee3 C\u00f4ng ngh\u1ec7 AMD CrossFireX\u2122<\/td>\n<\/tr>\n<tr class=\"row-info\">\n<td style=\"width: 83.5938px\">\n<h2><\/h2>\n<h2><span style=\"font-size: 16px\">Khe c\u1eafm m\u1edf r\u1ed9ng<\/span><\/h2>\n<\/td>\n<td style=\"width: 725.406px\"><strong>C\u00e1c b\u1ed9 x\u1eed l\u00fd Ryzen\u2122 th\u1ebf h\u1ec7 th\u1ee9 2\/Ryzen\u2122 th\u1ebf h\u1ec7 th\u1ebf h\u1ec7 th\u1ee9 nh\u1ea5t c\u1ee7a AMD<\/strong><br \/>\n1 x PCIe 3.0\/2.0 x16 (ch\u1ebf \u0111\u1ed9 x16)<br \/>\n<strong>AMD Ryzen\u2122 v\u1edbi b\u1ed9 x\u1eed l\u00fd \u0111\u1ed3 h\u1ecda Radeon\u2122 Vega<\/strong><br \/>\n1 x PCIe 3.0\/2.0 x16 (ch\u1ebf \u0111\u1ed9 x8 )<br \/>\n<strong>AMD Athlon\u2122 with Radeon\u2122 Vega Graphics Processors<\/strong><br \/>\n1 x PCIe 3.0\/2.0 x16 (t\u1ed1i \u0111a \u1edf ch\u1ebf \u0111\u1ed9 x4)<br \/>\n<strong>B\u1ed9 chip AMD B450<\/strong><br \/>\n1 x PCIe 2.0 x16 (t\u1ed1i \u0111a \u1edf ch\u1ebf \u0111\u1ed9 x4)<br \/>\n1 x PCIe 2.0 x1<\/td>\n<\/tr>\n<tr class=\"row-info\">\n<td style=\"width: 83.5938px\">\n<h2><span style=\"font-size: 16px\">L\u01b0u tr\u1eef<\/span><\/h2>\n<\/td>\n<td style=\"width: 725.406px\"><strong>C\u00e1c b\u1ed9 x\u1eed l\u00fd Ryzen\u2122 th\u1ebf h\u1ec7 th\u1ee9 2\/Ryzen\u2122 v\u1edbi card \u0111\u1ed3 h\u1ecda Radeon\u2122 Vega Graphics\/Ryzen\u2122 th\u1ebf h\u1ec7 th\u1ee9 nh\u1ea5t c\u1ee7a AMD :<\/strong><br \/>\n1 x M.2 Socket 3, v\u1edbi M Key, h\u1ed7 tr\u1ee3 thi\u1ebft b\u1ecb l\u01b0u tr\u1eef ki\u1ec3u 2242\/2260\/2280 (ch\u1ebf \u0111\u1ed9 SATA &amp; PCIE 3.0 x4)*<sup>1<\/sup><br \/>\n<strong>AMD Athlon\u2122 with Radeon\u2122 Vega Graphics Processors :<\/strong><br \/>\n1 x M.2 Socket 3, v\u1edbi M Key, h\u1ed7 tr\u1ee3 thi\u1ebft b\u1ecb l\u01b0u tr\u1eef ki\u1ec3u 2242\/2260\/2280 (Ch\u1ebf \u0111\u1ed9 SATA)*<sup>1<\/sup><br \/>\n<strong>AMD Ryzen\u2122 2nd Generation\/ Ryzen\u2122 with Radeon\u2122 Vega Graphics\/ Athlon\u2122 with Radeon\u2122 Vega Graphics\/ Ryzen\u2122 1st Generation Processors :<\/strong><br \/>\n2 x C\u1ed5ng SATA 6Gb \/s<br \/>\nH\u1ed7 tr\u1ee3 Raid 0, 1, 10<br \/>\n<strong>B\u1ed9 chip AMD B450 :<\/strong><br \/>\n1 x M.2 Socket 3, v\u1edbi M Key, h\u1ed7 tr\u1ee3 thi\u1ebft b\u1ecb l\u01b0u tr\u1eef ki\u1ec3u 2242\/2260\/2280 (ch\u1ebf \u0111\u1ed9 SATA &amp; PCIE 3.0 x 2)*<sup>2<\/sup><br \/>\n4 x C\u1ed5ng SATA 6Gb \/s<br \/>\nH\u1ed7 tr\u1ee3 Raid 0, 1, 10<\/td>\n<\/tr>\n<tr class=\"row-info\">\n<td style=\"width: 83.5938px\">LAN<\/td>\n<td style=\"width: 725.406px\">Realtek\u00ae RTL8111H<br \/>\nTUF LANGuar<\/td>\n<\/tr>\n<tr class=\"row-info\">\n<td style=\"width: 83.5938px\">\n<h2><span style=\"font-size: 16px\">\u00c2m thanh<\/span><\/h2>\n<\/td>\n<td style=\"width: 725.406px\">Realtek\u00ae ALC S1220A\u00a08-k\u00eanh CODEC \u00c2m thanh HD *<sup>3<\/sup><br \/>\n<strong>T\u00ednh n\u0103ng \u00c2m thanh:<\/strong><br \/>\n&#8211; DTS Custom \u0111\u1ed9c quy\u1ec1n cho c\u00e1c b\u1ed9 tai nghe GAMING<br \/>\n&#8211; Ch\u1ed1ng nhi\u1ec5u \u00c2m thanh: \u0110\u1ea3m b\u1ea3o ph\u00e2n t\u00e1ch r\u00f5 r\u00e0ng t\u00edn hi\u1ec7u t\u01b0\u01a1ng t\u1ef1\/s\u1ed1 v\u00e0 gi\u1ea3m thi\u1ec3u nhi\u1ec5u t\u1eeb nhi\u1ec1u ph\u00eda<br \/>\n&#8211; L\u1edbp PCB \u00e2m thanh chuy\u00ean d\u1ee5ng: T\u00e1ch l\u1edbp cho c\u00e1c k\u00eanh tr\u00e1i v\u00e0 ph\u1ea3i \u0111\u1ec3 b\u1ea3o v\u1ec7 ch\u1ea5t l\u01b0\u1ee3ng c\u1ee7a t\u00edn hi\u1ec7u \u00e2m thanh nh\u1ea1y c\u1ea3m<br \/>\n&#8211; T\u1ee5 \u0111i\u1ec7n \u00e2m thanh cao c\u1ea5p s\u1ea3n xu\u1ea5t t\u1ea1i Nh\u1eadt: Cung c\u1ea5p \u00e2m thanh t\u1ef1 nhi\u00ean r\u00f5 r\u00e0ng v\u00e0 trung th\u1ef1c tuy\u1ec7t \u0111\u1ed1i<br \/>\n&#8211; V\u1ecf b\u1ea3o v\u1ec7 h\u1ec7 th\u1ed1ng \u00e2m thanh: B\u1ea3o v\u1ec7 hi\u1ec7u qu\u1ea3 gi\u00fap duy tr\u00ec t\u00ednh to\u00e0n v\u1eb9n c\u1ee7a t\u00edn hi\u1ec7u \u00e2m thanh, cho ch\u1ea5t l\u01b0\u1ee3ng \u00e2m t\u1ed1t nh\u1ea5t.<\/td>\n<\/tr>\n<tr class=\"row-info\">\n<td style=\"width: 83.5938px\">\n<h2><\/h2>\n<h2><span style=\"font-size: 16px\">C\u1ed5ng USB<\/span><\/h2>\n<\/td>\n<td style=\"width: 725.406px\"><strong>AMD Ryzen\u2122 2nd Generation\/ Ryzen\u2122 with Radeon\u2122 Vega Graphics\/ Athlon\u2122 with Radeon\u2122 Vega Graphics\/ Ryzen\u2122 1st Generation Processors :<\/strong><br \/>\n2 x C\u1ed5ng USB 3.1 Gen 1 (2 \u1edf m\u1eb7t sau, m\u00e0u xanh, , Ki\u1ec3u A)<br \/>\n<strong>AMD Ryzen\u2122 2nd Generation\/ Ryzen\u2122 with Radeon\u2122 Vega Graphics\/ Athlon\u2122 with Radeon\u2122 Vega Graphics\/ Ryzen\u2122 1st Generation Processors :<\/strong><br \/>\n1 x C\u1ed5ng USB 3.1 Gen 1 (1 \u1edf m\u1eb7t sau, m\u00e0u xanh, , Ki\u1ec3u C)<br \/>\n<strong>B\u1ed9 chip AMD B450 :<\/strong><br \/>\n1 x C\u1ed5ng USB 3.1 Gen 2 (1 \u1edf m\u1eb7t sau, m\u00e0u xanh, )<br \/>\n<strong>B\u1ed9 chip AMD B450 :<\/strong><br \/>\n2 x C\u1ed5ng USB 3.1 Gen 1 (2 \u1edf gi\u1eefa bo m\u1ea1ch)<br \/>\n<strong>B\u1ed9 chip AMD B450 :<\/strong><br \/>\n6 x C\u1ed5ng USB 2.0 (2 \u1edf m\u1eb7t sau, m\u00e0u xanh, , 4 \u1edf gi\u1eefa bo m\u1ea1ch)<\/td>\n<\/tr>\n<tr class=\"row-info\">\n<td style=\"width: 83.5938px\">\n<h2><\/h2>\n<h2><\/h2>\n<h2><\/h2>\n<h2><\/h2>\n<h2><span style=\"font-size: 16px\">T\u00ednh n\u0103ng \u0111\u1eb7c bi\u1ec7t<\/span><\/h2>\n<\/td>\n<td style=\"width: 725.406px\"><strong>ASUS TUF PROTECTION<\/strong><br \/>\n&#8211; ASUS SafeSlot: B\u1ea3o v\u1ec7 card \u0111\u1ed3 h\u1ecda<br \/>\n&#8211; B\u1ea3o v\u1ec7 ch\u1ed1ng t\u0103ng qu\u00e1 \u00e1p c\u1ee7a ASUS: Thi\u1ebft k\u1ebf \u0111i\u1ec7n n\u0103ng b\u1ea3o v\u1ec7 m\u1ea1ch \u0111\u1eb3ng c\u1ea5p th\u1ebf gi\u1edbi<br \/>\n&#8211; L\u01b0ng I\/O b\u1eb1ng th\u00e9p kh\u00f4ng g\u1ec9 c\u1ee7a ASUS: Kh\u1ea3 n\u0103ng ch\u1ed1ng \u0103n m\u00f2n t\u1ed1t h\u01a1n 3 l\u1ea7n cho \u0111\u1ed9 b\u1ec1n cao h\u01a1n n\u1eefa!<br \/>\n&#8211; ASUS DIGI+ VRM: Precision control for stable power<br \/>\n&#8211; ASUS LANGuard: B\u1ea3o v\u1ec7 ch\u1ed1ng \u0111\u1ed9t bi\u1ebfn \u0111i\u1ec7n m\u1ea1ng LAN, s\u00e9t \u0111\u00e1nh v\u00e0 ph\u00f3ng t\u0129nh \u0111i\u1ec7n!<br \/>\n<strong>t\u00ednh n\u0103ng \u0111\u1ed9c quy\u1ec1n c\u1ee7a ASUS<\/strong>\u00a0:<br \/>\n&#8211; AI Suite 3<br \/>\n&#8211; Ai Charger<br \/>\n&#8211; Tr\u00ecnh Qu\u00e9t d\u1ecdn M\u00e1y t\u00ednh<br \/>\n<strong>Gi\u1ea3i ph\u00e1p gi\u1ea3i nhi\u1ec7t ASUS Quiet<\/strong>\u00a0:<br \/>\n&#8211; Thi\u1ebft k\u1ebf th\u1eddi trang, kh\u00f4ng qu\u1ea1t v\u1edbi gi\u1ea3i ph\u00e1p t\u1ea3n nhi\u1ec7t m\u1edbi &amp; gi\u1ea3i ph\u00e1p t\u1ea3n nhi\u1ec7t MOS.<br \/>\n&#8211; ASUS Fan Xpert 2+<br \/>\n<strong>AURA :<\/strong><br \/>\n&#8211; \u0110i\u1ec1u khi\u1ec3n \u00c1nh s\u00e1ng AURA<br \/>\n&#8211; \u0110\u1ea7u c\u1eafm D\u00e2y Aura RGB<br \/>\n<strong>ASUS EZ DIY :<\/strong><br \/>\n&#8211; ASUS CrashFree BIOS 3<br \/>\n&#8211; ASUS EZ Flash 3<br \/>\n&#8211; Ch\u1ebf \u0111\u1ed9 EZ c\u1ee7a ASUS UEFI BIOS<br \/>\n<strong>ASUS Q-Design :<\/strong><br \/>\n&#8211; ASUS Q-Slot<br \/>\n&#8211; ASUS Q-DIMM<\/td>\n<\/tr>\n<tr class=\"row-info\">\n<td style=\"width: 83.5938px\">\n<h2><\/h2>\n<h2><span style=\"font-size: 16px\">C\u1ed5ng I \/ O ph\u00eda sau<\/span><\/h2>\n<\/td>\n<td style=\"width: 725.406px\">1 c\u1ed5ng k\u1ebft h\u1ee3p b\u00e0n ph\u00edm \/ chu\u1ed9t PS \/ 2<br \/>\n1 x DVI-D<br \/>\n1 x HDMI<br \/>\n1 x c\u1ed5ng LAN (RJ45)<br \/>\n1 x USB 3.1 th\u1ebf h\u1ec7 th\u1ee9 2 Ki\u1ec3u A,<br \/>\n1 x USB 3.1 th\u1ebf h\u1ec7 th\u1ee9 1 Ki\u1ec3u C<br \/>\n2 x USB 2.0<br \/>\n3 x gi\u1eafc c\u1eafm \u00e2m thanh<br \/>\n2 x USB 3.1 th\u1ebf h\u1ec7 th\u1ee9 1 (m\u00e0u xanh) Ki\u1ec3u A<\/td>\n<\/tr>\n<tr class=\"row-info\">\n<td style=\"width: 83.5938px\">\n<h2><\/h2>\n<h2><\/h2>\n<h2><span style=\"font-size: 16px\">C\u1ed5ng I\/O \u1edf trong<\/span><\/h2>\n<\/td>\n<td style=\"width: 725.406px\">1 x \u0111\u1ea7u n\u1ed1i USB 3.1 Gen 1(l\u00ean t\u1edbi 5Gbps) h\u1ed7 tr\u1ee3 b\u1ed5 sung 2 c\u1ed5ng USB 3.1 Gen 1(19 ch\u1ea5u)<br \/>\n2 x \u0110\u1ea7u c\u1eafm USB 2.0 h\u1ed7 tr\u1ee3 th\u00eam 4 c\u1ed5ng USB 2.0<br \/>\n2 x \u0110\u1ea7u c\u1eafm D\u00e2y Aura RGB<br \/>\n6 x k\u1ebft n\u1ed1i SATA 6Gb \/ s<br \/>\n1 x k\u1ebft n\u1ed1i CPU Fan (1 x 4\u00a0 ch\u00e2n)<br \/>\n2 x k\u1ebft n\u1ed1i Chassis Fan (2 x 4\u00a0 ch\u00e2n)<br \/>\n1 x \u0110\u1ea7u ra S\/PDIF<br \/>\n1 x k\u1ebft n\u1ed1i \u0111i\u1ec7n n\u0103ng 24-pin EATX<br \/>\n1 x k\u1ebft n\u1ed1i \u0111i\u1ec7n n\u0103ng 8-pin ATX 12V<br \/>\n2 x \u1ed4 c\u1eafm M.2 3 with M key, type 2242\/2260\/2280 storage devices support<br \/>\n1 x k\u1ebft n\u1ed1i Gi\u1eafc c\u1eafm \u00e2m thanh (AAFP)<br \/>\n1 x b\u1ea3ng \u0111i\u1ec1u khi\u1ec3n H\u1ec7 th\u1ed1ng<br \/>\n1 x ch\u00e2n n\u1ed1i Clear CMOS<br \/>\n1 x \u0110\u1ea7u c\u1eafm c\u1ed5ng COM<br \/>\n1 x \u0110\u1ea7u c\u1eafm loa<\/td>\n<\/tr>\n<tr class=\"row-info\">\n<td style=\"width: 83.5938px\">\n<h2><span style=\"font-size: 16px\">Ph\u1ee5 ki\u1ec7n<\/span><\/h2>\n<\/td>\n<td style=\"width: 725.406px\">H\u01b0\u1edbng d\u1eabn s\u1eed d\u1ee5ng<br \/>\n2 x c\u00e1p SATA 6Gb \/ s<br \/>\nI\/O Shield<br \/>\n1 x DVD h\u1ed7 tr\u1ee3<br \/>\n1 x G\u00f3i \u0110inh v\u00edt M.2<br \/>\n1 x Ch\u1ee9ng nh\u1eadn TUF<br \/>\n1 x Nh\u00e3n d\u00ednh TUF Gaming<\/td>\n<\/tr>\n<tr class=\"row-info\">\n<td style=\"width: 83.5938px\">BIOS<\/td>\n<td style=\"width: 725.406px\">128 Mb Flash ROM, UEFI AMI BIOS, PnP,SM BIOS 3.1, ACPI 6.1, Multilanguage BIOS, ASUS EZ Flash 3, ASUS CrashFree BIOS 3, F3 M\u1ee5c \u01afa th\u00edch, L\u1ea7n ch\u1ec9nh s\u1eeda cu\u1ed1i c\u00f9ng, F12 PrintScreen,F4 AURA ON\/OFF, Nh\u1ea5n ph\u00edm F9 \u0111\u1ec3 t\u00ecm ki\u1ebfm v\u00e0 th\u00f4ng tin b\u1ed9 nh\u1edb ASUS DRAM SPD (Serial Presence Detect)<\/td>\n<\/tr>\n<tr class=\"row-info\">\n<td style=\"width: 83.5938px\">\n<h2><span style=\"font-size: 16px\">H\u1ec7 \u0111i\u1ec1u h\u00e0nh<\/span><\/h2>\n<\/td>\n<td style=\"width: 725.406px\">Windows\u00ae 10 64-bit<br \/>\nWindows\u00ae 7 64-bit *4<\/td>\n<\/tr>\n<tr class=\"row-info\">\n<td style=\"width: 83.5938px\">\n<h2><span style=\"font-size: 16px\">D\u1ea1ng thi\u1ebft k\u1ebf<\/span><\/h2>\n<\/td>\n<td style=\"width: 725.406px\">mATX Form Factor<br \/>\n9.6 \u00a0inch x 9.6 \u00a0inch ( 24.4 \u00a0cm x 24.4 \u00a0cm )<\/td>\n<\/tr>\n<tr class=\"row-info\">\n<td style=\"width: 83.5938px\">\n<h2><span style=\"font-size: 16px\">Ghi ch\u00fa<\/span><\/h2>\n<\/td>\n<td style=\"width: 725.406px\">*1 The M.2_1 Socket shares bandwidth with the SATA_5\/6 ports, and therefore the SATA_5\/6 ports cannot be used when an M.2 device is installed.<br \/>\n*2 The M.2_2 Socket shares bandwidth with the SATA_3\/4 ports, and therefore the SATA_3\/4 ports cannot be used when an M.2 device is installed.<br \/>\n*3 S\u1eed d\u1ee5ng m\u1ed9t chassis v\u1edbi module HD audio tr\u00ean front panel \u0111\u1ec3 cho \u00e2m thanh ra 8-k\u00eanh<br \/>\n*4 To Support Windows 7 64-bit, It need to install an AMD Ryzen\u2122 2nd Generatione &amp; Ryzen\u2122 1st Generation Processors.<\/td>\n<\/tr>\n<\/tbody>\n<\/table>\n<\/div>\n<h2><strong>\u0110\u00e1nh gi\u00e1 chi ti\u1ebft ASUS TUF B450M Pro Gaming:\u00a0<\/strong><\/h2>\n<p>&nbsp;<\/p>\n<p>ASUS TUF B450M Pro Gaming l\u00e0 chi\u1ebfc mainboard \u0111\u01b0\u1ee3c s\u1ea3n xu\u1ea5t d\u00e0nh cho nh\u1eefng CPU c\u1ee7a AMD trang b\u1ecb socket AM4. \u0110\u01b0\u1ee3c thi\u1ebft k\u1ebf v\u1edbi c\u00e1c th\u00e0nh ph\u1ea7n c\u00f3 \u0111\u1ed9 b\u1ec1n cao, c\u00e1c bo m\u1ea1ch ch\u1ee7 n\u00e0y mang l\u1ea1i s\u1ef1 \u1ed5n \u0111\u1ecbnh b\u1ec1n b\u1ec9 cho c\u00e1c phi\u00ean ch\u01a1i game k\u00e9o d\u00e0i bao l\u00e2u t\u00f9y theo nhu c\u1ea7u c\u1ee7a b\u1ea1n.<\/p>\n<p>&nbsp;<\/p>\n<p><img decoding=\"async\" src=\"https:\/\/file.hstatic.net\/1000026716\/file\/gearvn-asustufb450mprogaming-1_e36ac51ab3cf41f08e4da9467613f0dc_grande.png\" \/><\/p>\n<p>&nbsp;<\/p>\n<h3><strong>\u0110\u1ed9 b\u1ec1n v\u01b0\u1ee3t tr\u1ed9i<\/strong><\/h3>\n<p>V\u1ec1 \u0111\u1ed9 b\u1ec1n th\u00ec c\u00e1c d\u00f2ng s\u1ea3n ph\u1ea9m TUF c\u1ee7a Asus s\u1ebd mang \u0111\u1eb7t tr\u1eebng b\u1ec1n l\u00e0 ch\u1ee7 \u0111\u1ea1o. V\u1edbi c\u00e1c\u00a0th\u00e0nh ph\u1ea7n c\u00f3 \u0111\u1ed9 b\u1ec1n cao, c\u00e1c bo m\u1ea1ch ch\u1ee7 n\u00e0y mang l\u1ea1i s\u1ef1 \u1ed5n \u0111\u1ecbnh b\u1ec1n b\u1ec9 cho c\u00e1c phi\u00ean ch\u01a1i game k\u00e9o d\u00e0i bao l\u00e2u t\u00f9y theo nhu c\u1ea7u c\u1ee7a b\u1ea1n.<\/p>\n<p><img decoding=\"async\" src=\"https:\/\/file.hstatic.net\/1000026716\/file\/gearvn-asustufb450mprogaming-8_2eb6a24b351a41fdbe83c48ea01ec97b_grande.png\" \/><\/p>\n<p>Bo m\u1ea1ch ch\u1ee7 TUF Gaming cung c\u1ea5p c\u00e1c b\u1ea3n d\u1ef1ng DIY d\u1ec5 d\u00e0ng v\u00e0 an to\u00e0n b\u1eb1ng c\u00e1ch t\u1eadn d\u1ee5ng thi\u1ebft k\u1ebf tuy\u1ec7t v\u1eddi, k\u1ef9 thu\u1eadt s\u00e1ng t\u1ea1o v\u00e0 quan h\u1ec7 \u0111\u1ed1i t\u00e1c ch\u1eb7t ch\u1ebd v\u1edbi c\u00e1c nh\u00e0 s\u1ea3n xu\u1ea5t linh ki\u1ec7n l\u1edbn.<\/p>\n<p>&nbsp;<\/p>\n<p><img decoding=\"async\" src=\"https:\/\/file.hstatic.net\/1000026716\/file\/gearvn-asustufb450mprogaming-2_c64ed19dd2f446649f01c4a4d1118353_grande.png\" \/><\/p>\n<p>&nbsp;<\/p>\n<h3><strong>Hi\u1ec7u su\u1ea5t l\u00e0m m\u00e1t<\/strong><\/h3>\n<p><strong>TUF B450M-PRO GAMING<\/strong>\u00a0c\u00f3 VRM n\u00e2ng cao v\u00e0 t\u1ea3n nhi\u1ec7t \u0111\u1ec3 c\u1ea3i thi\u1ec7n hi\u1ec7u su\u1ea5t l\u00e0m m\u00e1t. Cu\u1ed9n c\u1ea3m h\u1ee3p kim m\u1edbi cung c\u1ea5p kh\u1ea3 n\u0103ng chuy\u1ec3n \u0111\u1ed5i c\u00f4ng su\u1ea5t cao h\u01a1n, ti\u00eau hao \u0111i\u1ec7n n\u0103ng th\u1ea5p h\u01a1n v\u00e0 ki\u1ec3m so\u00e1t nhi\u1ec7t \u0111\u1ed9 t\u1ed1t h\u01a1n \u0111\u1ec3 ho\u1ea1t \u0111\u1ed9ng hi\u1ec7u qu\u1ea3 h\u01a1n. C\u1ea3i thi\u1ec7n \u0111i\u1ec1u ch\u1ec9nh \u0111i\u1ec7n \u00e1p l\u00e0m t\u0103ng hi\u1ec7u su\u1ea5t h\u01a1n.<\/p>\n<p>&nbsp;<\/p>\n<p><img decoding=\"async\" src=\"https:\/\/file.hstatic.net\/1000026716\/file\/gearvn-asustufb450mprogaming-3_5496522119c241d8b67422ddeb0dad11_grande.jpg\" \/><\/p>\n<p>&nbsp;<\/p>\n<p>&nbsp;<\/p>\n<h3><strong>K\u1ebft n\u1ed1i Dual M.2 cho SSD\u00a0<\/strong><\/h3>\n<p>&nbsp;<\/p>\n<p><strong>TUF B450M-PRO GAMING<\/strong>\u00a0s\u1edf h\u1eefu 2 c\u1ed5ng M.2 cho SSD, v\u1edbi b\u0103ng th\u00f4ng x4 PCI Express\u00ae 3.0, M.2 h\u1ed7 tr\u1ee3 t\u1ed1c \u0111\u1ed9 truy\u1ec1n d\u1eef li\u1ec7u l\u00ean \u0111\u1ebfn 32Gbps. \u0110\u00e2y l\u00e0 s\u1ef1 l\u1ef1a ch\u1ecdn ho\u00e0n h\u1ea3o cho \u1ed5 \u0111\u0129a h\u1ec7 \u0111i\u1ec1u h\u00e0nh ho\u1eb7c \u1ee9ng d\u1ee5ng, gi\u00fap PC v\u00e0 c\u00e1c \u1ee9ng d\u1ee5ng c\u1ee7a b\u1ea1n ho\u1ea1t \u0111\u1ed9ng nhanh nh\u1ea5t c\u00f3 th\u1ec3.<\/p>\n<p>&nbsp;<\/p>\n<p><img decoding=\"async\" src=\"https:\/\/file.hstatic.net\/1000026716\/file\/gearvn-asustufb450mprogaming-4_53fa3a698ca047d3a4560aad5c7aed7a_grande.jpg\" \/><\/p>\n<p>&nbsp;<\/p>\n<h3><strong>Ch\u1ebf \u0111\u1ed9 \u0111i\u1ec1u ch\u1ec9nh\u00a0LED RGB<\/strong><\/h3>\n<p><strong>TUF B450M-PRO GAMING<\/strong>\u00a0v\u1eabn \u0111\u01b0\u1ee3c Asus trang b\u1ecb cho m\u00ecnh ph\u1ea7n m\u1ec1m Aura Sync. ASUS Aura cung c\u1ea5p kh\u1ea3 n\u0103ng ki\u1ec3m so\u00e1t LED RGB \u0111\u1ea7y \u0111\u1ee7 v\u1edbi nhi\u1ec1u ki\u1ec3u\u00a0c\u00e0i \u0111\u1eb7t t\u00f9y ch\u1ecdn gi\u00fap\u00a0cho \u0111\u00e8n LED RGB t\u00edch h\u1ee3p c\u0169ng nh\u01b0 c\u00e1c d\u1ea3i k\u1ebft n\u1ed1i v\u1edbi \u0111\u1ea7u c\u1eafm RGB tr\u00ean bo m\u1ea1ch. V\u00e0 t\u1ea5t c\u1ea3 \u0111\u1ec1u c\u00f3 th\u1ec3 \u0111\u01b0\u1ee3c \u0111\u1ed3ng b\u1ed9 h\u00f3a v\u1edbi t\u1ea5t c\u1ea3 c\u00e1c\u00a0ph\u1ea7n c\u1ee9ng c\u00f3 kh\u1ea3 n\u0103ng t\u01b0\u01a1ng th\u00edch v\u1edbi Aura Sync.<\/p>\n<p>&nbsp;<\/p>\n<p><img decoding=\"async\" src=\"https:\/\/file.hstatic.net\/1000026716\/file\/gearvn-asustufb450mprogaming-5_f1d8bd8c61fa4a4daab54649e19b3189_grande.png\" \/><\/p>\n<p>&nbsp;<\/p>\n<h3><strong>C\u1ed5ng k\u1ebft n\u1ed1i<\/strong><\/h3>\n<p>Bo m\u1ea1ch ch\u1ee7\u00a0<strong>TUF B450M-PRO GAMING<\/strong>\u00a0c\u00f3 \u0111\u1ea7y \u0111\u1ee7 c\u00e1c c\u1ed5ng k\u1ebft n\u1ed1i \u0111\u1ec3 ng\u01b0\u1eddi d\u00f9ng ti\u1ec7n s\u1eed d\u1ee5ng h\u01a1n. Nhi\u1ec1u c\u1ed5ng USB 3.1 Type A \u0111\u1ec3 k\u1ebft n\u1ed1i c\u00e1c ph\u1ee5 ki\u1ec7n gaming gear. C\u1ed5ng Type C, 3 jack c\u1eafm \u00e2m thanh, c\u1ed5ng xu\u1ea5t h\u00ecnh \u1ea3nh DVI v\u00e0 HDMI va c\u1ed5ng m\u1ea1ng Lan.<\/p>\n<p><img decoding=\"async\" src=\"https:\/\/file.hstatic.net\/1000026716\/file\/gearvn-asustufb450mprogaming-6_9ff80de539ff454fb9af148a4fad2e73_grande.png\" \/><\/p>\n<\/div>\n<\/div>\n<\/div>\n<\/div>\n<\/div>\n<\/div>\n<\/div>\n<\/div>\n<\/div>\n","protected":false},"excerpt":{"rendered":"<div class=\"product-summary-item-title\">Th\u00f4ng s\u1ed1 s\u1ea3n ph\u1ea9m<\/div>\n<ul id=\"js-tskt-item\" class=\"product-summary-item-ul d-flex flex-wrap mb-0\">\n<li>K\u00edch th\u01b0\u1edbc: ATX<\/li>\n<li>Socket: AM4<\/li>\n<li>Chipset: B450<\/li>\n<li>Khe RAM t\u1ed1i \u0111a: 4<\/li>\n<li>Lo\u1ea1i RAM h\u1ed7 tr\u1ee3: DDR4<\/li>\n<\/ul>\n<p>&#8211; B\u1ea3o h\u00e0nh 36 Th\u00e1ng<br \/>\n&#8211; Giao h\u00e0ng t\u1eadn n\u01a1i shipcod to\u00e0n qu\u1ed1c.<\/p>\n","protected":false},"featured_media":0,"template":"","meta":[],"product_brand":[],"product_cat":[17,30],"product_tag":[86,83,75,84,77,85],"class_list":{"0":"post-235","1":"product","2":"type-product","3":"status-publish","5":"product_cat-linh-kien-may-tinh-de-ban","6":"product_cat-bo-mach-chu","7":"product_tag-b450","8":"product_tag-b450m-pro","9":"product_tag-bo-mach-chu-may-tinh","10":"product_tag-main-asus","11":"product_tag-main-chinh-hang","12":"product_tag-tuf-gaming","14":"first","15":"instock","16":"shipping-taxable","17":"purchasable","18":"product-type-simple"},"jetpack_sharing_enabled":true,"_links":{"self":[{"href":"https:\/\/vitinhhaiduong.com\/index.php?rest_route=\/wp\/v2\/product\/235","targetHints":{"allow":["GET"]}}],"collection":[{"href":"https:\/\/vitinhhaiduong.com\/index.php?rest_route=\/wp\/v2\/product"}],"about":[{"href":"https:\/\/vitinhhaiduong.com\/index.php?rest_route=\/wp\/v2\/types\/product"}],"wp:attachment":[{"href":"https:\/\/vitinhhaiduong.com\/index.php?rest_route=%2Fwp%2Fv2%2Fmedia&parent=235"}],"wp:term":[{"taxonomy":"product_brand","embeddable":true,"href":"https:\/\/vitinhhaiduong.com\/index.php?rest_route=%2Fwp%2Fv2%2Fproduct_brand&post=235"},{"taxonomy":"product_cat","embeddable":true,"href":"https:\/\/vitinhhaiduong.com\/index.php?rest_route=%2Fwp%2Fv2%2Fproduct_cat&post=235"},{"taxonomy":"product_tag","embeddable":true,"href":"https:\/\/vitinhhaiduong.com\/index.php?rest_route=%2Fwp%2Fv2%2Fproduct_tag&post=235"}],"curies":[{"name":"wp","href":"https:\/\/api.w.org\/{rel}","templated":true}]}}