{"id":486,"date":"2022-08-12T16:58:20","date_gmt":"2022-08-12T09:58:20","guid":{"rendered":"https:\/\/vitinhhaiduong.com\/?post_type=product&#038;p=486"},"modified":"2022-08-12T16:58:20","modified_gmt":"2022-08-12T09:58:20","slug":"ngoai-troi-camera-ip-speed-dome-hong-ngoai-2-0-megapixel-dahua-ipc-s21fap-imou","status":"publish","type":"product","link":"https:\/\/vitinhhaiduong.com\/?product=ngoai-troi-camera-ip-speed-dome-hong-ngoai-2-0-megapixel-dahua-ipc-s21fap-imou","title":{"rendered":"[Ngo\u00e0i Tr\u1eddi] Camera IP Speed Dome h\u1ed3ng ngo\u1ea1i 2.0 Megapixel DAHUA IPC-S21FAP-IMOU"},"content":{"rendered":"<p><span style=\"font-size: 20px\"><strong>Camera IP Speed Dome h\u1ed3ng ngo\u1ea1i 2.0 Megapixel\u00a0 IPC-S21FAP-IMOU<\/strong><\/span><\/p>\n<p>&#8211; Camera IP Speed Dome h\u1ed3ng ngo\u1ea1i 2.0 Megapixel DAHUA IPC-S21FAP-IMOU<\/p>\n<ul>\n<li>DAHUA IPC-S21FAP-IMOU l\u00e0 d\u00f2ng camera IP Speed Dome PoE PT Full Color 2.0 Megapixel.<\/li>\n<\/ul>\n<p>&#8211; C\u1ea3m bi\u1ebfn h\u00ecnh \u1ea3nh: C\u1ea3m bi\u1ebfn CMOS k\u00edch th\u01b0\u1edbc 1\/2.9 inch 20fps.<\/p>\n<p>&#8211; \u0110\u1ed9 ph\u00e2n gi\u1ea3i: 2.0 Megapixel.<\/p>\n<p>&#8211; \u1ed0ng k\u00ednh c\u1ed1 \u0111\u1ecbnh 3.6mm.<\/p>\n<p>&#8211; G\u00f3c nh\u00ecn: 86\u00b0(H), 45\u00b0(V), 105\u00b0(D).<\/p>\n<p>&#8211; H\u1ed7 tr\u1ee3 quay qu\u00e9t: Ngang 0-355\u00b0, d\u1ecdc 0-90\u00b0.<\/p>\n<p><img loading=\"lazy\" decoding=\"async\" src=\"https:\/\/phuongdung.com\/upload\/images\/3(1).jpg\" alt=\"\" width=\"700\" height=\"700\" \/><\/p>\n<p>&#8211; Chu\u1ea9n n\u00e9n h\u00ecnh \u1ea3nh: H.264.<\/p>\n<p>&#8211; H\u1ed7 tr\u1ee3 ch\u1ebf \u0111\u1ed9 ng\u00e0y \u0111\u00eam (ICR).<\/p>\n<p>&#8211; H\u1ed7 tr\u1ee3 ch\u1ee9c n\u0103ng ch\u1ed1ng ng\u01b0\u1ee3c s\u00e1ng (DWDR).<\/p>\n<p>&#8211; H\u1ed7 tr\u1ee3 ch\u1ee9c n\u0103ng t\u1ef1 \u0111\u1ed9ng c\u00e2n b\u1eb1ng tr\u1eafng (AWB).<\/p>\n<p>&#8211; H\u1ed7 tr\u1ee3 ch\u1ee9c n\u0103ng t\u1ef1 \u0111\u1ed9ng b\u00f9 s\u00e1ng (AGC).<\/p>\n<p>&#8211; H\u1ed7 tr\u1ee3 ch\u1ee9c n\u0103ng ch\u1ed1ng nhi\u1ec5u 3D-DNR.<\/p>\n<p>&#8211; Ch\u1ebf \u0111\u1ed9 ban \u0111\u00eam th\u00f4ng minh v\u1edbi 4 ch\u1ebf \u0111\u1ed9 s\u00e1ng: T\u1ef1 \u0111\u1ed9ng, Full Color, H\u1ed3ng ngo\u1ea1i v\u00e0 T\u1eaft.<\/p>\n<p>&#8211; C\u1ea3nh b\u00e1o ch\u1ee7 \u0111\u1ed9ng: B\u1eadt \u0111\u00e8n ch\u1edbp khi ph\u00e1t hi\u1ec7n c\u00f3 \u0111\u1ed1i t\u01b0\u1ee3ng x\u00e2m nh\u1eadp.<\/p>\n<p>&#8211; T\u00edch h\u1ee3p mic.<\/p>\n<p>&#8211; H\u1ed7 tr\u1ee3 c\u00e1c t\u00ednh n\u0103ng th\u00f4ng minh nh\u01b0 ph\u00e1t hi\u1ec7n con ng\u01b0\u1eddi, ph\u00e1t hi\u1ec7n chuy\u1ec3n \u0111\u1ed9ng, theo d\u00f5i \u0111\u1ed1i t\u01b0\u1ee3ng Smart Tracking.<\/p>\n<p>&#8211; H\u1ed7 tr\u1ee3 khe c\u1eafm th\u1ebb nh\u1edb Micro SD l\u00ean \u0111\u1ebfn 256GB.<\/p>\n<p>&#8211; H\u1ed7 tr\u1ee3 chu\u1ea9n ONVIF, Cloud, LAN.<\/p>\n<p>&#8211; Ngu\u1ed3n \u0111i\u1ec7n: DC12V\/1A.<\/p>\n<p>&#8211; C\u00f4ng su\u1ea5t: &lt;6.2W.<\/p>\n<p>&#8211; Ti\u00eau chu\u1ea9n ch\u1ed1ng n\u01b0\u1edbc v\u00e0 b\u1ee5i: IP67 (th\u00edch h\u1ee3p s\u1eed d\u1ee5ng trong nh\u00e0 v\u00e0 ngo\u00e0i tr\u1eddi).<\/p>\n<p><img loading=\"lazy\" decoding=\"async\" src=\"https:\/\/phuongdung.com\/upload\/images\/camera-an-ninh-ngoai-troi-imou-ipc-s41fap2-min(2).png\" alt=\"\" width=\"700\" height=\"328\" \/><\/p>\n<p>&#8211; Ch\u1ea5t li\u1ec7u: V\u1ecf nh\u1ef1a.<\/p>\n<ul>\n<li>Camera IP Wifi Imou IPC-S21FAP Full Color 2.0MP tr\u1edf th\u00e0nh thi\u1ebft b\u1ecb \u01b0a chu\u1ed9ng h\u00e0ng \u0111\u1ea7u c\u1ee7a m\u1ecdi gia \u0111\u00ecnh v\u00e0 c\u00e1c doanh nghi\u1ec7p t\u1ea1i Vi\u1ec7t Nam.<\/li>\n<li>Nhanh tay li\u00ean h\u1ec7 \u0111\u1ec3 \u0111\u01b0\u1ee3c h\u1ed7 tr\u1ee3 t\u1ed1t nh\u1ea5t n\u1ebfu b\u1ea1n \u0111ang c\u1ea7n mua Camera IP Wifi Imou IPC-S21FAP Full Color 2.0MP ho\u1eb7c c\u1ea7n t\u01b0 v\u1ea5n Camera IP Wifi Imou IPC-S21FAP Full Color 2.0MP n\u00e0o ch\u1ea5t l\u01b0\u1ee3ng t\u1ed1t<\/li>\n<\/ul>\n<p>&nbsp;<\/p>\n","protected":false},"excerpt":{"rendered":"<p><span style=\"font-size: 20px\"><strong>Camera IP Speed Dome h\u1ed3ng ngo\u1ea1i 2.0 Megapixel DAHUA IPC-S21FAP-IMOU<\/strong><\/span><\/p>\n<p>&#8211; DAHUA IPC-S21FAP-IMOU l\u00e0 d\u00f2ng\u00a0<strong>camera IP<\/strong>\u00a0Speed Dome PoE PT Full Color 2.0 Megapixel.<\/p>\n<p>&#8211; C\u1ea3m bi\u1ebfn h\u00ecnh \u1ea3nh: C\u1ea3m bi\u1ebfn CMOS k\u00edch th\u01b0\u1edbc 1\/2.9 inch.<\/p>\n<p>&#8211; \u0110\u1ed9 ph\u00e2n gi\u1ea3i: 2.0 Megapixel.<\/p>\n<p>&#8211; \u1ed0ng k\u00ednh c\u1ed1 \u0111\u1ecbnh 3.6mm.<\/p>\n<p>&#8211; G\u00f3c nh\u00ecn: 86\u00b0(H), 45\u00b0(V), 105\u00b0(D).<\/p>\n<p>&#8211; H\u1ed7 tr\u1ee3 quay qu\u00e9t: Ngang 0-355\u00b0, d\u1ecdc 0-90\u00b0.<\/p>\n<p>&#8211; Chu\u1ea9n n\u00e9n h\u00ecnh \u1ea3nh: H.264.<\/p>\n<p>&#8211; H\u1ed7 tr\u1ee3 ch\u1ebf \u0111\u1ed9 ng\u00e0y \u0111\u00eam (ICR).<\/p>\n<p>&#8211; H\u1ed7 tr\u1ee3 ch\u1ee9c n\u0103ng ch\u1ed1ng ng\u01b0\u1ee3c s\u00e1ng (DWDR).<\/p>\n<p>&#8211; H\u1ed7 tr\u1ee3 ch\u1ee9c n\u0103ng t\u1ef1 \u0111\u1ed9ng c\u00e2n b\u1eb1ng tr\u1eafng (AWB).<\/p>\n<p>&#8211; H\u1ed7 tr\u1ee3 ch\u1ee9c n\u0103ng t\u1ef1 \u0111\u1ed9ng b\u00f9 s\u00e1ng (AGC).<\/p>\n<p>&#8211; H\u1ed7 tr\u1ee3 ch\u1ee9c n\u0103ng ch\u1ed1ng nhi\u1ec5u 3D-DNR.<\/p>\n<p>&#8211; Ch\u1ebf \u0111\u1ed9 ban \u0111\u00eam th\u00f4ng minh v\u1edbi 4 ch\u1ebf \u0111\u1ed9 s\u00e1ng: T\u1ef1 \u0111\u1ed9ng, Full Color, H\u1ed3ng ngo\u1ea1i v\u00e0 T\u1eaft.<\/p>\n<p>&#8211; C\u1ea3nh b\u00e1o ch\u1ee7 \u0111\u1ed9ng: B\u1eadt \u0111\u00e8n ch\u1edbp khi ph\u00e1t hi\u1ec7n c\u00f3 \u0111\u1ed1i t\u01b0\u1ee3ng x\u00e2m nh\u1eadp.<\/p>\n<p>&#8211; T\u00edch h\u1ee3p mic.<\/p>\n<p>&#8211; H\u1ed7 tr\u1ee3 c\u00e1c t\u00ednh n\u0103ng th\u00f4ng minh nh\u01b0 ph\u00e1t hi\u1ec7n con ng\u01b0\u1eddi, ph\u00e1t hi\u1ec7n chuy\u1ec3n \u0111\u1ed9ng, theo d\u00f5i \u0111\u1ed1i t\u01b0\u1ee3ng Smart Tracking.<\/p>\n<p>&#8211; H\u1ed7 tr\u1ee3 khe c\u1eafm th\u1ebb nh\u1edb Micro SD l\u00ean \u0111\u1ebfn 256GB.<\/p>\n<p>&#8211; H\u1ed7 tr\u1ee3 chu\u1ea9n ONVIF, Cloud, LAN.<\/p>\n<p>&#8211; Ngu\u1ed3n \u0111i\u1ec7n: DC12V\/1A.<\/p>\n<p>&#8211; C\u00f4ng su\u1ea5t: &lt;6.2W.<\/p>\n<p>&#8211; Ti\u00eau chu\u1ea9n ch\u1ed1ng n\u01b0\u1edbc v\u00e0 b\u1ee5i: IP67 (th\u00edch h\u1ee3p s\u1eed d\u1ee5ng trong nh\u00e0 v\u00e0 ngo\u00e0i tr\u1eddi).<\/p>\n<p>&#8211; Ch\u1ea5t li\u1ec7u: V\u1ecf nh\u1ef1a.<\/p>\n<p>&#8211; Mi\u1ec5n ph\u00ed l\u1eafp \u0111\u1eb7t.<\/p>\n<p>&#8211; B\u1ea3o h\u00e0nh: 24 th\u00e1ng.<\/p>\n","protected":false},"featured_media":0,"template":"","meta":[],"product_brand":[],"product_cat":[16,19],"product_tag":[60,28,50,229,232],"class_list":{"0":"post-486","1":"product","2":"type-product","3":"status-publish","5":"product_cat-camera-quan-sat","6":"product_cat-camera-khong-day","7":"product_tag-camera-imou","8":"product_tag-camera-ip","9":"product_tag-camera-khong-day","10":"product_tag-camera-ngoai-troi","11":"product_tag-camera-xoay-360","13":"first","14":"instock","15":"shipping-taxable","16":"purchasable","17":"product-type-simple"},"jetpack_sharing_enabled":true,"_links":{"self":[{"href":"https:\/\/vitinhhaiduong.com\/index.php?rest_route=\/wp\/v2\/product\/486","targetHints":{"allow":["GET"]}}],"collection":[{"href":"https:\/\/vitinhhaiduong.com\/index.php?rest_route=\/wp\/v2\/product"}],"about":[{"href":"https:\/\/vitinhhaiduong.com\/index.php?rest_route=\/wp\/v2\/types\/product"}],"wp:attachment":[{"href":"https:\/\/vitinhhaiduong.com\/index.php?rest_route=%2Fwp%2Fv2%2Fmedia&parent=486"}],"wp:term":[{"taxonomy":"product_brand","embeddable":true,"href":"https:\/\/vitinhhaiduong.com\/index.php?rest_route=%2Fwp%2Fv2%2Fproduct_brand&post=486"},{"taxonomy":"product_cat","embeddable":true,"href":"https:\/\/vitinhhaiduong.com\/index.php?rest_route=%2Fwp%2Fv2%2Fproduct_cat&post=486"},{"taxonomy":"product_tag","embeddable":true,"href":"https:\/\/vitinhhaiduong.com\/index.php?rest_route=%2Fwp%2Fv2%2Fproduct_tag&post=486"}],"curies":[{"name":"wp","href":"https:\/\/api.w.org\/{rel}","templated":true}]}}